{"id":3785,"date":"2022-06-03T22:08:44","date_gmt":"2022-06-03T22:08:44","guid":{"rendered":"https:\/\/webs360apps.com\/ismafinal\/product\/zkteco-speedfacev4lac-control-de-acceso-multi-biometrico-800-rostros-800-palmas-1000-tarjetas-o-qr-intercom-funcion-antisuplantacion-reconocimiento-a-2m-conexiones-tcp-ip-usb-mtd\/"},"modified":"2022-06-15T04:25:20","modified_gmt":"2022-06-15T04:25:20","slug":"zkteco-speedfacev4lac-control-de-acceso-multi-biometrico-800-rostros-800-palmas-1000-tarjetas-o-qr-intercom-funcion-antisuplantacion-reconocimiento-a-2m-conexiones-tcp-ip-usb-mtd","status":"publish","type":"product","link":"https:\/\/globalsystem.com.mx\/catalogo\/zkteco-speedfacev4lac-control-de-acceso-multi-biometrico-800-rostros-800-palmas-1000-tarjetas-o-qr-intercom-funcion-antisuplantacion-reconocimiento-a-2m-conexiones-tcp-ip-usb-mtd","title":{"rendered":"ZKTECO SpeedFaceV4LAC &#8211; Control de Acceso Multi-biom\u00e9trico \/ 800 Rostros \/ 800 Palmas \/ 1000 tarjetas o QR \/ Intercom \/ Funci\u00f3n AntiSuplantaci\u00f3n \/ Reconocimiento a 2m \/ Conexiones"},"content":{"rendered":"<p><strong><span style=\"font-size: 14pt; font-family: 'Times New Roman', serif;\">Reloj checador para control de acceso o\u00a0control de asistencia\u00a0mediante reconocimiento facial, reconocimiento de la palma de la mano, tarjetas de proximidad o codigo QR\u00a0 y huella digital.<\/span><\/strong><\/p>\n<p>&nbsp;<\/p>\n<p><strong><span style=\"font-size: 14pt; font-family: 'Times New Roman', serif;\">Informaci\u00f3n General:<\/span><\/strong><\/p>\n<p><span style=\"font-size: 14pt; font-family: 'Times New Roman', serif;\">SpeedFace V4L\u00a0es una terminal de control de acceso biom\u00e9trico h\u00edbrido basado en Linux, terminal de tiempo y asistencia con reconocimiento facial visible ligth y Reconocimiento de Palma<\/span><\/p>\n<p><span style=\"font-size: 14pt; font-family: 'Times New Roman', serif;\">La distancia de reconocimiento se ha incrementado considerablemente hasta 2 metros, lo que mejora significativamente la tasa m\u00e1xima de tr\u00e1fico. Si bien la mayor\u00eda de los algoritmos solo admite +\/- 15 \u00b0 de tolerancia en el \u00e1ngulo de reconocimiento de rostro, SpeedFace-V4L duplica el \u00e1ngulo de detecci\u00f3n en t\u00e9rminos de rotaci\u00f3n e inclinaci\u00f3n a +\/- 30 \u00b0.<\/span><\/p>\n<p><span style=\"font-size: 14pt; font-family: 'Times New Roman', serif;\">El m\u00e9todo de autenticaci\u00f3n de palma sin contacto con una novedosa t\u00e9cnica de seguimiento de manos permite una tolerancia de \u00e1ngulo de hasta +\/- 60 \u00b0 en el eje y una distancia de reconocimiento de hasta 50 cm.<\/span><\/p>\n<p>&nbsp;<\/p>\n<p><strong><span style=\"font-size: 14pt; font-family: 'Times New Roman', serif;\">Principales Caracter\u00edsticas:<\/span><\/strong><\/p>\n<p><span style=\"font-size: 14pt; font-family: 'Times New Roman', serif;\">Reconocimiento facial con tecnolog\u00eda Visible Ligth<\/span><\/p>\n<p><span style=\"font-size: 14pt; font-family: 'Times New Roman', serif;\">Algoritmo anti-spoofing contra ataque de impresi\u00f3n (l\u00e1ser, color y blanco y negro) ataque de videos y ataque de m\u00e1scara 3D<\/span><\/p>\n<p><span style=\"font-size: 14pt; font-family: 'Times New Roman', serif;\">M\u00faltiples m\u00e9todos de verificaci\u00f3n: Rostro \/ Palma \/ Tarjeta \/ Contrase\u00f1a<\/span><\/p>\n<p><span style=\"font-size: 14pt; font-family: 'Times New Roman', serif;\">M\u00f3dulos de tarjeta disponibles: tarjeta de identificaci\u00f3n de 125 kHz (EM) tarjeta IC de 13,56 MHz (MF)<\/span><\/p>\n<p><span style=\"font-size: 14pt; font-family: 'Times New Roman', serif;\">Iluminaci\u00f3n complemantaria con brillo ajustable<\/span><\/p>\n<p><span style=\"font-size: 14pt; font-family: 'Times New Roman', serif;\">Capacidad de 800 plantillas faciales, 800 plantillas de palma<\/span><\/p>\n<p>&nbsp;<\/p>\n<p><strong><span style=\"font-size: 14pt; font-family: 'Times New Roman', serif;\">Reconocimiento hasta 2m de distancia y verificaci\u00f3n de gran angular<\/span><\/strong><\/p>\n<p><span style=\"font-size: 14pt; font-family: 'Times New Roman', serif;\">La distancia de reconocimiento se ha incrementado considerablemente hasta 2 metros, lo que mejora significativamente la tasa m\u00e1xima de tr\u00e1fico. Si bien la mayor\u00eda de los algoritmos solo admite +\/- 15 \u00b0 de tolerancia en el \u00e1ngulo de reconocimiento de rostro, SpeedFace-V4L duplica el \u00e1ngulo de detecci\u00f3n en t\u00e9rminos de rotaci\u00f3n e inclinaci\u00f3n a +\/- 30 \u00b0. El m\u00e9todo de autenticaci\u00f3n de palma sin contacto con una novedosa t\u00e9cnica de seguimiento de manos permite una tolerancia de \u00e1ngulo de hasta +\/- 60 \u00b0 en el eje y una distancia de reconocimiento de hasta 50 cm.<\/span><\/p>\n<p><strong><span style=\"font-size: 14pt; font-family: 'Times New Roman', serif;\">Especificaciones T\u00e9cnicas:<\/span><\/strong><\/p>\n<p><span style=\"font-size: 14pt; font-family: 'Times New Roman', serif;\">Monitor 4\u201d Pantalla T\u00e1ctil<\/span><\/p>\n<p><span style=\"font-size: 14pt; font-family: 'Times New Roman', serif;\">Cap. de Rostros 800<\/span><\/p>\n<p><span style=\"font-size: 14pt; font-family: 'Times New Roman', serif;\">Cap. de Palmas 800<\/span><\/p>\n<p><span style=\"font-size: 14pt; font-family: 'Times New Roman', serif;\">Cap. de Tarjetas 1,000<\/span><\/p>\n<p><span style=\"font-size: 14pt; font-family: 'Times New Roman', serif;\">Eventos 150,000<\/span><\/p>\n<p><span style=\"font-size: 14pt; font-family: 'Times New Roman', serif;\">Sistema Operativo Linux<\/span><\/p>\n<p><span style=\"font-size: 14pt; font-family: 'Times New Roman', serif;\">Funciones Standard Tarjeta de identificaci\u00f3n, ADMS, entrada T9, DST, c\u00e1mara, identificaci\u00f3n de usuario de 9 d\u00edgitos, niveles de acceso, grupos, vacaciones, Anti-passback, consulta de registro, alarma de sabotaje, m\u00faltiples m\u00e9todos de verificaci\u00f3n, Reconocimiento de palma<\/span><\/p>\n<p><span style=\"font-size: 14pt; font-family: 'Times New Roman', serif;\">Hardware CPU de doble n\u00facleo a 900 MHz<\/span><\/p>\n<p><span style=\"font-size: 14pt; font-family: 'Times New Roman', serif;\">512 MB de RAM \/ 512 MB de flash<\/span><\/p>\n<p><span style=\"font-size: 14pt; font-family: 'Times New Roman', serif;\">C\u00e1mara binocular de 2MP<\/span><\/p>\n<p><span style=\"font-size: 14pt; font-family: 'Times New Roman', serif;\">Iluminaci\u00f3n suplementaria LED ajustable<\/span><\/p>\n<p><span style=\"font-size: 14pt; font-family: 'Times New Roman', serif;\">Comunicaci\u00f3n TCP \/ IP, host USB, entrada \/ salida Wiegand, RS485<\/span><\/p>\n<p><span style=\"font-size: 14pt; font-family: 'Times New Roman', serif;\">Interfaz de Control de Acceso Cerradura el\u00e9ctrica de 3ros, sensor de puerta, bot\u00f3n de salida, salida de alarma, entrada auxiliar<\/span><\/p>\n<p><span style=\"font-size: 14pt; font-family: 'Times New Roman', serif;\">Funciones Opcionales Tarjeta IC de 13,56 MHz (MF)<\/span><\/p>\n<p><span style=\"font-size: 14pt; font-family: 'Times New Roman', serif;\">Velocidad de Reconocimiento Facial \u22641s<\/span><\/p>\n<p><span style=\"font-size: 14pt; font-family: 'Times New Roman', serif;\">Algoritmo Biom\u00e9trico ZKFace V5.8 &amp; ZKPalm V12.0<\/span><\/p>\n<p><span style=\"font-size: 14pt; font-family: 'Times New Roman', serif;\">Fuente de Alimentaci\u00f3n 12V 3A<\/span><\/p>\n<p><span style=\"font-size: 14pt; font-family: 'Times New Roman', serif;\">Humedad de Trabajo 10% ~ 90%<\/span><\/p>\n<p><span style=\"font-size: 14pt; font-family: 'Times New Roman', serif;\">Temperatura de Trabajo 0\u00b0C ~ 45\u00b0C (32\u00b0F ~ 113\u00b0F)<\/span><\/p>\n<p><span style=\"font-size: 14pt; font-family: 'Times New Roman', serif;\">Dimensiones 72.94 * 157.94 * 23 (mm)<\/span><\/p>\n<p><span style=\"font-size: 14pt; font-family: 'Times New Roman', serif;\">Peso Neto 260g<\/span><\/p>\n<p><span style=\"font-size: 14pt; font-family: 'Times New Roman', serif;\">Peso Bruto 850g<\/span><\/p>\n<p><span style=\"font-size: 14pt; font-family: 'Times New Roman', serif;\">Software compatible: ZKBioAccess IVS, Biosecurity, Biotime Pro<\/span><\/p>\n<p><span style=\"font-size: 14pt; font-family: 'Times New Roman', serif;\">Nota:\u00a0<span style=\"text-decoration: underline;\">Este equipo no cuenta con m\u00f3dulo wi-fi<\/span><\/span><\/p>\n<p><span style=\"font-size: 14pt; font-family: 'Times New Roman', serif;\">NOTA: Se requiere un nodo de red y contacto de energ\u00eda el\u00e9ctrica a un metro de distancia de donde quedara instalado el reloj checador.<\/span><\/p>\n<p><strong><span style=\"font-size: 14pt; font-family: 'Times New Roman', serif;\">TERMINOS DE VENTA:<\/span><\/strong><\/p>\n<p>&nbsp;<\/p>\n<p><span style=\"font-size: 14pt; font-family: 'Times New Roman', serif;\">Precios expresados en pesos mexicanos.<\/span><\/p>\n<p><span style=\"font-size: 14pt; font-family: 'Times New Roman', serif;\">Precios sujetos a cambio sin previo aviso.<\/span><\/p>\n<p><span style=\"font-size: 14pt; font-family: 'Times New Roman', serif;\">Pago: Anticipado v\u00eda transferencia o dep\u00f3sito bancario.<\/span><\/p>\n<p><span style=\"font-size: 14pt; font-family: 'Times New Roman', serif;\">Tiempo de entrega: Inmediata o dependiendo existencias.<\/span><\/p>\n<p><span style=\"font-size: 14pt; font-family: 'Times New Roman', serif;\">Garant\u00eda de: 1 a\u00f1o (y\/o hasta 3) dependiendo del fabricante, por defectos de fabricaci\u00f3n.<\/span><\/p>\n<p><span style=\"font-size: 14pt; font-family: 'Times New Roman', serif;\">No incluye instalaci\u00f3n, canalizaci\u00f3n, ni obra civil, en caso de requerir por favor contacte al depto. de ventas.<\/span><\/p>\n<p><span style=\"font-size: 14pt; font-family: 'Times New Roman', serif;\">Para consultar existencias, precios sobre la transportaci\u00f3n y\/o los vi\u00e1ticos, por favor contacte con nosotros.<\/span><\/p>\n<p><span style=\"font-size: 14pt; font-family: 'Times New Roman', serif;\">Cualquier duda adicional, consulte a su ejecutivo de ventas.<\/span><\/p>\n<p><span style=\"font-size: 14pt; line-height: 107%; font-family: 'Times New Roman', serif;\">Contamos con laboratorio para la reparaci\u00f3n de equipos:Access Pro, HID, INDALA, DORLET, ZK TECO, WEJOIN, CAME, ROSSLARE, DIGICON, SYSCOM, AMANO, ACROPRINT, SEIKO, LATHEM, TARGETMAX, KINGS POWER, SIASA, DAHUA, SUPREMA, INGERSOLL RAND, SCHLAGE.<\/span><\/p>\n","protected":false},"excerpt":{"rendered":"<p>Reloj checador para control de acceso o\u00a0control de asistencia\u00a0mediante reconocimiento facial, reconocimiento de la palma de la mano, tarjetas de proximidad o codigo QR\u00a0 y huella digital. &nbsp; Informaci\u00f3n General: SpeedFace V4L\u00a0es una terminal de control de acceso biom\u00e9trico h\u00edbrido basado en Linux, terminal de tiempo y asistencia con reconocimiento facial visible ligth y Reconocimiento[&#8230;]<\/p>\n","protected":false},"featured_media":3970,"comment_status":"closed","ping_status":"closed","template":"","meta":[],"product_cat":[34,120],"product_tag":[80,79],"class_list":["post-3785","product","type-product","status-publish","has-post-thumbnail","hentry","product_cat-control-de-asistencia-biometricos","product_cat-relojes-de-huella-digital","product_tag-control-de-acceso-multi-biometrico","product_tag-zkteco-speedfacev4lac"],"_links":{"self":[{"href":"https:\/\/globalsystem.com.mx\/catalogo\/wp-json\/wp\/v2\/product\/3785","targetHints":{"allow":["GET"]}}],"collection":[{"href":"https:\/\/globalsystem.com.mx\/catalogo\/wp-json\/wp\/v2\/product"}],"about":[{"href":"https:\/\/globalsystem.com.mx\/catalogo\/wp-json\/wp\/v2\/types\/product"}],"replies":[{"embeddable":true,"href":"https:\/\/globalsystem.com.mx\/catalogo\/wp-json\/wp\/v2\/comments?post=3785"}],"version-history":[{"count":2,"href":"https:\/\/globalsystem.com.mx\/catalogo\/wp-json\/wp\/v2\/product\/3785\/revisions"}],"predecessor-version":[{"id":3972,"href":"https:\/\/globalsystem.com.mx\/catalogo\/wp-json\/wp\/v2\/product\/3785\/revisions\/3972"}],"wp:featuredmedia":[{"embeddable":true,"href":"https:\/\/globalsystem.com.mx\/catalogo\/wp-json\/wp\/v2\/media\/3970"}],"wp:attachment":[{"href":"https:\/\/globalsystem.com.mx\/catalogo\/wp-json\/wp\/v2\/media?parent=3785"}],"wp:term":[{"taxonomy":"product_cat","embeddable":true,"href":"https:\/\/globalsystem.com.mx\/catalogo\/wp-json\/wp\/v2\/product_cat?post=3785"},{"taxonomy":"product_tag","embeddable":true,"href":"https:\/\/globalsystem.com.mx\/catalogo\/wp-json\/wp\/v2\/product_tag?post=3785"}],"curies":[{"name":"wp","href":"https:\/\/api.w.org\/{rel}","templated":true}]}}