{"id":3772,"date":"2022-06-03T22:08:42","date_gmt":"2022-06-03T22:08:42","guid":{"rendered":"https:\/\/webs360apps.com\/ismafinal\/product\/software-para-el-control-de-visitas\/"},"modified":"2022-06-16T01:46:18","modified_gmt":"2022-06-16T01:46:18","slug":"software-para-el-control-de-visitas","status":"publish","type":"product","link":"https:\/\/globalsystem.com.mx\/catalogo\/software-para-el-control-de-visitas","title":{"rendered":"Software para el control de Visitas marca DORLET"},"content":{"rendered":"<p><strong><span style=\"font-size: 14pt; font-family: 'Times New Roman', serif;\">M\u00f3dulo de Visitas Dorlet<\/span><\/strong><\/p>\n<p><span style=\"font-size: 14pt; font-family: 'Times New Roman', serif;\">Sistema que facilita y automatiza el registro y control de visitantes en empresas o entornos con mucha afluencia de visitantes, aumentando as\u00ed la seguridad de las instalaciones.<\/span><\/p>\n<p><span style=\"font-family: 'Times New Roman', serif; font-size: 18.6667px;\">REF:\u00a0<\/span><span class=\"field--item\" style=\"font-family: 'Times New Roman', serif; font-size: 18.6667px;\">D9102100<\/span><\/p>\n<p><strong><span style=\"font-size: 14pt; font-family: 'Times New Roman', serif;\">Caracter\u00edsticas:<\/span><\/strong><\/p>\n<ul>\n<li><span style=\"font-size: 14pt; font-family: 'Times New Roman', serif;\">Diferentes perfiles de acceso a la aplicaci\u00f3n mediante autentificaci\u00f3n estandar del DASSnet (usuario y password), Directorio Activo de Windows, certificado digital, etc<\/span><\/li>\n<li><span style=\"font-size: 14pt; font-family: 'Times New Roman', serif;\">Gesti\u00f3n multiempresa, y gesti\u00f3n por separado de visitantes por empresa<\/span><\/li>\n<li><span style=\"font-size: 14pt; font-family: 'Times New Roman', serif;\">Cumplir con la normativa de LOPD, borrando autom\u00e1ticamente los datos de las visitas dentro de las fechas establecidas<\/span><\/li>\n<li><span style=\"font-size: 14pt; font-family: 'Times New Roman', serif;\">Posibilidad de capturar los datos de visitas desde scaneres de datos OCR y asignaci\u00f3n de tarjetas mediante reconocedores autom\u00e1ticos.<\/span><\/li>\n<li><span style=\"font-size: 14pt; font-family: 'Times New Roman', serif;\">Gesti\u00f3n de LOGS &#8211; listados registro operaciones con acceso a bases de datos.<\/span><\/li>\n<li><span style=\"font-size: 14pt; font-family: 'Times New Roman', serif;\">Gesti\u00f3n de los permisos de acceso de las visitas mediante tarjeta, c\u00f3digo, huella, matr\u00edcula veh\u00edculo, etc&#8230; con posibilidad de definir combinaciones entre ellas por cada persona<\/span><\/li>\n<li><span style=\"font-size: 14pt; font-family: 'Times New Roman', serif;\">Definir diferentes perfiles de acceso de visitas con diferentes rutas de acceso y asignaci\u00f3n de fechas de validez, horarios y calendarios diferentes, incluso por lector y tarjeta<\/span><\/li>\n<li><span style=\"font-size: 14pt; font-family: 'Times New Roman', serif;\">Tratamiento de visitas para asociar perfiles de acceso por tipos de visitas o personas a visitar<\/span><\/li>\n<li><span style=\"font-size: 14pt; font-family: 'Times New Roman', serif;\">Tener varias tarjetas para visitas conservando el historial de tarjetas asignadas<\/span><\/li>\n<li><span style=\"font-size: 14pt; font-family: 'Times New Roman', serif;\">Definir recintos y conocer las visitas presentes en tiempo real &#8211; punto de recuento para Plan de Emergencias<\/span><\/li>\n<li><span style=\"font-size: 14pt; font-family: 'Times New Roman', serif;\">Permitir la salida de visitas bien de forma manual (a trav\u00e9s del software) o bien de forma autom\u00e1tica a trav\u00e9s de lectores (lectores motorizados y\/o buzones) recuperando las tarjetas para uso posterior<\/span><\/li>\n<li><span style=\"font-size: 14pt; font-family: 'Times New Roman', serif;\">Conocer los tiempos de estancia en los diferentes recintos, y obtener listados a tal fin<\/span><\/li>\n<li><span style=\"font-size: 14pt; font-family: 'Times New Roman', serif;\">Obtener listados de todos los tipos de eventos generados en relaci\u00f3n a visitas, con filtros de selecci\u00f3n y posibilidad de verlos en pantalla, imprimirlos y exportarlos a diferentes formatos<\/span><\/li>\n<\/ul>\n<p><span style=\"font-size: 14pt; font-family: 'Times New Roman', serif;\">Para descargar la ficha t\u00e9cnica por favor seguir el link<\/span><\/p>\n<p><span style=\"font-size: 14pt; font-family: 'Times New Roman', serif;\"><a href=\"https:\/\/www.dorlet.com\/es\/productos\/software\/control-de-visitas\/modulo-de-visitas\" target=\"_blank\" rel=\"noopener\">https:\/\/www.dorlet.com\/es\/productos\/software\/control-de-visitas\/modulo-de-visitas<\/a><\/span><\/p>\n<p><span style=\"font-size: 14pt; font-family: 'Times New Roman', serif;\">TERMINOS DE VENTA:<\/span><\/p>\n<ul>\n<li><span style=\"font-size: 14pt; font-family: 'Times New Roman', serif; color: #333333;\">Precios expresados en pesos mexicanos.<\/span><\/li>\n<li><span style=\"font-size: 14pt; font-family: 'Times New Roman', serif; color: #333333;\">Precios sujetos a cambio sin previo aviso<\/span><\/li>\n<li><span style=\"font-size: 14pt; font-family: 'Times New Roman', serif; color: #333333;\">Pago: Anticipado v\u00eda transferencia \u00f3 dep\u00f3sito bancario.<\/span><\/li>\n<li><span style=\"font-size: 14pt; font-family: 'Times New Roman', serif; color: #333333;\">Tiempo de entrega: Inmediata o dependiendo existencias.<\/span><\/li>\n<li><span style=\"font-size: 14pt; font-family: 'Times New Roman', serif; color: #333333;\">Garant\u00eda de: 1 a\u00f1o (y\/o hasta 3) dependiendo del fabricante, por defectos de fabricaci\u00f3n.<\/span><\/li>\n<li><span style=\"font-size: 14pt; font-family: 'Times New Roman', serif; color: #333333;\">No incluye instalaci\u00f3n, canalizaci\u00f3n, ni obra civil, en caso de requerir por favor contacte al depto. de ventas.<\/span><\/li>\n<li><span style=\"font-size: 14pt; font-family: 'Times New Roman', serif; color: #333333;\">Para consultar existencias, precios sobre la transportaci\u00f3n y\/o los vi\u00e1ticos, por favor contacte con nosotros.<\/span><\/li>\n<li><span style=\"font-size: 14pt; font-family: 'Times New Roman', serif; color: #333333;\">Cualquier duda adicional, consulte a su ejecutivo de ventas.<\/span><\/li>\n<\/ul>\n<p><span style=\"font-size: 14pt; font-family: 'Times New Roman', serif; color: #333333;\">Contamos con laboratorio para la reparaci\u00f3n de equipos: DORLET, ZK TECO, WEJOIN, CAME, ROSSLARE, DIGICON, SYSCOM, AMANO, ACROPRINT, SEIKO, LATHEM, TARGETMAX, KING POWER, SIASA, DAHUA, SUPREMA, INGERSOLL RAND, SCHLAGE.<\/span><\/p>\n","protected":false},"excerpt":{"rendered":"<p>M\u00f3dulo de Visitas Dorlet Sistema que facilita y automatiza el registro y control de visitantes en empresas o entornos con mucha afluencia de visitantes, aumentando as\u00ed la seguridad de las instalaciones. REF:\u00a0D9102100 Caracter\u00edsticas: Diferentes perfiles de acceso a la aplicaci\u00f3n mediante autentificaci\u00f3n estandar del DASSnet (usuario y password), Directorio Activo de Windows, certificado digital, etc[&#8230;]<\/p>\n","protected":false},"featured_media":4684,"comment_status":"closed","ping_status":"closed","template":"","meta":[],"product_cat":[110,27,127],"product_tag":[],"class_list":["post-3772","product","type-product","status-publish","has-post-thumbnail","hentry","product_cat-control-de-acceso","product_cat-software","product_cat-software-para-control-de-visitas-y-accesos","pa_marca-dorlet"],"_links":{"self":[{"href":"https:\/\/globalsystem.com.mx\/catalogo\/wp-json\/wp\/v2\/product\/3772","targetHints":{"allow":["GET"]}}],"collection":[{"href":"https:\/\/globalsystem.com.mx\/catalogo\/wp-json\/wp\/v2\/product"}],"about":[{"href":"https:\/\/globalsystem.com.mx\/catalogo\/wp-json\/wp\/v2\/types\/product"}],"replies":[{"embeddable":true,"href":"https:\/\/globalsystem.com.mx\/catalogo\/wp-json\/wp\/v2\/comments?post=3772"}],"version-history":[{"count":4,"href":"https:\/\/globalsystem.com.mx\/catalogo\/wp-json\/wp\/v2\/product\/3772\/revisions"}],"predecessor-version":[{"id":4686,"href":"https:\/\/globalsystem.com.mx\/catalogo\/wp-json\/wp\/v2\/product\/3772\/revisions\/4686"}],"wp:featuredmedia":[{"embeddable":true,"href":"https:\/\/globalsystem.com.mx\/catalogo\/wp-json\/wp\/v2\/media\/4684"}],"wp:attachment":[{"href":"https:\/\/globalsystem.com.mx\/catalogo\/wp-json\/wp\/v2\/media?parent=3772"}],"wp:term":[{"taxonomy":"product_cat","embeddable":true,"href":"https:\/\/globalsystem.com.mx\/catalogo\/wp-json\/wp\/v2\/product_cat?post=3772"},{"taxonomy":"product_tag","embeddable":true,"href":"https:\/\/globalsystem.com.mx\/catalogo\/wp-json\/wp\/v2\/product_tag?post=3772"}],"curies":[{"name":"wp","href":"https:\/\/api.w.org\/{rel}","templated":true}]}}