{"id":3760,"date":"2022-06-03T22:08:42","date_gmt":"2022-06-03T22:08:42","guid":{"rendered":"https:\/\/webs360apps.com\/ismafinal\/product\/terminal-de-acceso-biometrica-sin-contacto-con-detector-de-temperatura-integrado-detecta-a-las-personas-con-temperatura-corporal-alta-zkteco-proface-x-td-terminal-antivandalica-para-exterior\/"},"modified":"2022-06-09T01:55:19","modified_gmt":"2022-06-09T01:55:19","slug":"terminal-de-acceso-biometrica-sin-contacto-con-detector-de-temperatura-integrado-detecta-a-las-personas-con-temperatura-corporal-alta-zkteco-proface-x-td-terminal-antivandalica-para-exterior","status":"publish","type":"product","link":"https:\/\/globalsystem.com.mx\/catalogo\/terminal-de-acceso-biometrica-sin-contacto-con-detector-de-temperatura-integrado-detecta-a-las-personas-con-temperatura-corporal-alta-zkteco-proface-x-td-terminal-antivandalica-para-exterior","title":{"rendered":"Terminal para control de acceso peatonal y vehicular con detector de temperatura: PROFACE X(TD)"},"content":{"rendered":"<p style=\"text-align: center;\"><strong><span style=\"font-size: 14pt; font-family: 'Times New Roman', serif;\">TERMINAL DE ACCESO BIOMETRICA SIN CONTACTO CON DETECTOR DE TEMPERATURA INTEGRADO DETECTA A LAS PERSONAS CON TEMPERATURA CORPORAL ALTA ZKTECO PROFACE-X(TD) TERMINAL ANTIVANDALICA PARA EXTERIOR<\/span><\/strong><\/p>\n<p><span style=\"font-size: 14pt; font-family: 'Times New Roman', serif;\">Esta terminal de reconocimiento facial integra una c\u00e1mara t\u00e9rmica con la tecnolog\u00eda\u00a0Thermal Visi\u00f3n\u00a0que proporciona una t\u00e9cnica precisa, medible y sin contacto que puede capturar los\u00a0cambios en la temperatura de cualquier usuario, ayudando as\u00ed a una oportuna identificaci\u00f3n de problemas de salud.<\/span><\/p>\n<p><span style=\"font-size: 14pt; font-family: 'Times New Roman', serif;\">La tecnolog\u00eda\u00a0Visible Light\u00a0aparte del\u00a0reconocimiento facial\u00a0de gran alcance y precisi\u00f3n tambi\u00e9n nos ayuda en la\u00a0identificaci\u00f3n del uso correcto de cubrebocas\u00a0en caso de ser necesario, permitiendo o denegando el acceso al usuario.<\/span><\/p>\n<p><span style=\"font-size: 14pt; font-family: 'Times New Roman', serif;\">ProFace -X\u00a0es una versi\u00f3n totalmente actualizada de la l\u00ednea de productos ProFace, que est\u00e1 dise\u00f1ada para hacer frente a todo tipo de escenarios. Impulsado por la \u00faltima generaci\u00f3n de CPU personalizados de ZKTeco para ejecutar el algoritmo reconocimiento facial especializado que aumenta el rendimiento en todos los aspectos.<\/span><\/p>\n<p><span style=\"font-size: 14pt; font-family: 'Times New Roman', serif;\">Adem\u00e1s del potente n\u00facleo, ProFace-X tambi\u00e9n est\u00e1 equipado con el \u00faltimo sistema de captura de rostros, que permite que el terminal reconozca los rostros en condiciones extremas de luz intensa (50,000 lux) junto con un detector de microondas para evaluar con precisi\u00f3n la distancia entre el usuario y el dispositivo para activar el reconocimiento facial de la terminal.<\/span><\/p>\n<p><span style=\"font-size: 14pt; font-family: 'Times New Roman', serif;\">Con su potente n\u00facleo y el algoritmo de reconocimiento facial m\u00e1s reciente, la capacidad de reconocimiento facial del ProFace-X ha alcanzado una nueva altura en la industria biom\u00e9trica con un m\u00e1ximo de 50,000 plantillas faciales(revisar capacidades) velocidades de reconocimiento facial en menos de 0.3 segundos por rostro, capacidad anti-falsificaci\u00f3n definitiva contra cualquier ataque de fotos falsas o videos.<\/span><\/p>\n<p><span style=\"font-size: 14pt; font-family: 'Times New Roman', serif; color: #000099;\">Caracter\u00edsticas:<\/span><\/p>\n<ul>\n<li><span style=\"font-size: 14pt; font-family: 'Times New Roman', serif;\">Gran capacidad de plantillas faciales; 1: N hasta 30,000 (estandar); max. 50,000(opcional)<\/span><\/li>\n<li><span style=\"font-size: 14pt; font-family: 'Times New Roman', serif;\">Reconocimiento facial ultra r\u00e1pido en solo 0.3s<\/span><\/li>\n<li><span style=\"font-size: 14pt; font-family: 'Times New Roman', serif;\">Tecnolog\u00eda Anti-Suplantaci\u00f3n de identidad evita falsos positivos, descarta Fotograf\u00edas Blanco y negro a color, videos y mascaras 3D<\/span><\/li>\n<li><span style=\"font-size: 14pt; font-family: 'Times New Roman', serif;\">El dise\u00f1o inteligente de ahorro de energ\u00eda eval\u00faa con precisi\u00f3n la distancia de hasta 2.5 m (8.2 pies) entre el usuario y el dispositivo mediante un detector de microondas antes de activar el dispositivo de reconocimiento.<\/span><\/li>\n<li><span style=\"font-size: 14pt; font-family: 'Times New Roman', serif;\">C\u00e1mara con sensor CMOS de 2MP con funci\u00f3n WDR y starlight, que permite que el dispositivo reconozca rostros en condiciones de iluminaci\u00f3n extremas (0.5 lux hasta 50,000 lux)<\/span><\/li>\n<li><span style=\"font-size: 14pt; font-family: 'Times New Roman', serif;\">Luz suplementaria con brillo variable<\/span><\/li>\n<li><span style=\"font-size: 14pt; font-family: 'Times New Roman', serif;\">Pantalla t\u00e1ctil de 8 pulgadas con 400 lux, que ofrece mejor visibilidad bajo luz intensa<\/span><\/li>\n<li><span style=\"font-size: 14pt; font-family: 'Times New Roman', serif;\">Est\u00e1ndar de Protecci\u00f3n IK04 para exterior y protecci\u00f3n IP68 a prueba de polvo e impermeable<\/span><\/li>\n<li><span style=\"font-size: 14pt; font-family: 'Times New Roman', serif;\">Rango de temperatura de operaci\u00f3n (-30 ~ 60\u00b0C; -22~ 140\u00b0F)<\/span><\/li>\n<li><span style=\"font-size: 14pt; font-family: 'Times New Roman', serif;\">Deteccione de la temperatura corporal: desviaci\u00f3n de medici\u00f3n de \/- 0.3\u00b0C, distancia de medici\u00f3n de 30-50 cm.<\/span><\/li>\n<li><span style=\"font-size: 14pt; font-family: 'Times New Roman', serif;\">Detecci\u00f3n de cubrebocas; verificaci\u00f3n facial disponible con m\u00e1scaras.<\/span><\/li>\n<\/ul>\n<p><span style=\"font-size: 14pt; font-family: 'Times New Roman', serif;\">TERMINOS DE VENTA:<\/span><\/p>\n<ul>\n<li><span style=\"font-size: 14pt; font-family: 'Times New Roman', serif; color: #333333;\">Precios expresados en pesos mexicanos.<\/span><\/li>\n<li><span style=\"font-size: 14pt; font-family: 'Times New Roman', serif; color: #333333;\">Precios sujetos a cambio sin previo aviso<\/span><\/li>\n<li><span style=\"font-size: 14pt; font-family: 'Times New Roman', serif; color: #333333;\">Pago: Anticipado v\u00eda transferencia \u00f3 dep\u00f3sito bancario.<\/span><\/li>\n<li><span style=\"font-size: 14pt; font-family: 'Times New Roman', serif; color: #333333;\">Tiempo de entrega: Inmediata o dependiendo existencias.<\/span><\/li>\n<li><span style=\"font-size: 14pt; font-family: 'Times New Roman', serif; color: #333333;\">Garant\u00eda de: 1 a\u00f1o (y\/o hasta 3) dependiendo del fabricante, por defectos de fabricaci\u00f3n.<\/span><\/li>\n<li><span style=\"font-size: 14pt; font-family: 'Times New Roman', serif; color: #333333;\">No incluye instalaci\u00f3n, canalizaci\u00f3n, ni obra civil, en caso de requerir por favor contacte al depto. de ventas.<\/span><\/li>\n<li><span style=\"font-size: 14pt; font-family: 'Times New Roman', serif; color: #333333;\">Para consultar existencias, precios sobre la transportaci\u00f3n y\/o los vi\u00e1ticos, por favor contacte con nosotros.<\/span><\/li>\n<li><span style=\"font-size: 14pt; font-family: 'Times New Roman', serif; color: #333333;\">Cualquier duda adicional, consulte a su ejecutivo de ventas.<\/span><\/li>\n<li><span style=\"font-size: 14pt; font-family: 'Times New Roman', serif; color: #333333;\">Contamos con laboratorio para la reparaci\u00f3n de equipos DORLET, ZK TECO, WEJOIN, CAME, ROSSLARE, DIGICON, SYSCOM, AMANO, ACROPRINT, SEIKO, LATHEM, TARGETMAX, KING POWER, SIASA, DAHUA, SUPREMA, INGERSOLL RAND, SCHLAGE.<\/span><\/li>\n<\/ul>\n","protected":false},"excerpt":{"rendered":"<p>TERMINAL DE ACCESO BIOMETRICA SIN CONTACTO CON DETECTOR DE TEMPERATURA INTEGRADO DETECTA A LAS PERSONAS CON TEMPERATURA CORPORAL ALTA ZKTECO PROFACE-X(TD) TERMINAL ANTIVANDALICA PARA EXTERIOR Esta terminal de reconocimiento facial integra una c\u00e1mara t\u00e9rmica con la tecnolog\u00eda\u00a0Thermal Visi\u00f3n\u00a0que proporciona una t\u00e9cnica precisa, medible y sin contacto que puede capturar los\u00a0cambios en la temperatura de cualquier[&#8230;]<\/p>\n","protected":false},"featured_media":4098,"comment_status":"closed","ping_status":"closed","template":"","meta":[],"product_cat":[110,35],"product_tag":[],"class_list":["post-3760","product","type-product","status-publish","has-post-thumbnail","hentry","product_cat-control-de-acceso","product_cat-control-de-acceso-vehicular","pa_marca-zkteco"],"_links":{"self":[{"href":"https:\/\/globalsystem.com.mx\/catalogo\/wp-json\/wp\/v2\/product\/3760","targetHints":{"allow":["GET"]}}],"collection":[{"href":"https:\/\/globalsystem.com.mx\/catalogo\/wp-json\/wp\/v2\/product"}],"about":[{"href":"https:\/\/globalsystem.com.mx\/catalogo\/wp-json\/wp\/v2\/types\/product"}],"replies":[{"embeddable":true,"href":"https:\/\/globalsystem.com.mx\/catalogo\/wp-json\/wp\/v2\/comments?post=3760"}],"version-history":[{"count":3,"href":"https:\/\/globalsystem.com.mx\/catalogo\/wp-json\/wp\/v2\/product\/3760\/revisions"}],"predecessor-version":[{"id":4262,"href":"https:\/\/globalsystem.com.mx\/catalogo\/wp-json\/wp\/v2\/product\/3760\/revisions\/4262"}],"wp:featuredmedia":[{"embeddable":true,"href":"https:\/\/globalsystem.com.mx\/catalogo\/wp-json\/wp\/v2\/media\/4098"}],"wp:attachment":[{"href":"https:\/\/globalsystem.com.mx\/catalogo\/wp-json\/wp\/v2\/media?parent=3760"}],"wp:term":[{"taxonomy":"product_cat","embeddable":true,"href":"https:\/\/globalsystem.com.mx\/catalogo\/wp-json\/wp\/v2\/product_cat?post=3760"},{"taxonomy":"product_tag","embeddable":true,"href":"https:\/\/globalsystem.com.mx\/catalogo\/wp-json\/wp\/v2\/product_tag?post=3760"}],"curies":[{"name":"wp","href":"https:\/\/api.w.org\/{rel}","templated":true}]}}