{"id":3748,"date":"2022-06-03T22:08:42","date_gmt":"2022-06-03T22:08:42","guid":{"rendered":"https:\/\/webs360apps.com\/ismafinal\/product\/software-de-control-de-accesos-avanzado-dassnet\/"},"modified":"2022-06-12T23:31:54","modified_gmt":"2022-06-12T23:31:54","slug":"software-de-control-de-accesos-avanzado-dassnet","status":"publish","type":"product","link":"https:\/\/globalsystem.com.mx\/catalogo\/software-de-control-de-accesos-avanzado-dassnet","title":{"rendered":"SOFTWARE DE CONTROL DE ACCESOS AVANZADO DASSNET"},"content":{"rendered":"<p>&nbsp;<\/p>\n<p style=\"text-align: justify;\"><span style=\"font-size: 18pt;\">El software para Control de Accesos\u00a0<strong>DASSne<\/strong>t desarrollado por\u00a0<strong>DORLET<\/strong>, es una potente herramienta para gestionar el control de accesos con una gran facilidad de uso.<\/span><\/p>\n<p style=\"text-align: justify;\"><span style=\"font-size: 18pt;\">El software permite trasladar de una forma sencilla la pol\u00edtica de seguridad de una empresa a la instalaci\u00f3n de control de accesos, y desde ese momento gestionar y monitorizar los sistemas: perfiles y rutas de acceso a \u00e1reas restringidas con calendarios y horarios, localizaci\u00f3n de personas, control de aforos, alertas en tiempo real, listados de eventos, etc&#8230;<\/span><\/p>\n<p style=\"text-align: justify;\"><span style=\"font-size: 18pt;\">La aplicaci\u00f3n puede ser gestionada por varios usuarios con distintos niveles de privilegios mediante perfiles de acceso, y controlar un n\u00famero ilimitado tanto de personas y\/\u00f3 veh\u00edculos con autorizaciones de acceso como de elementos de campo (UCAs, lectores, etc&#8230;) sin necesidad de ampliaciones.<\/span><\/p>\n<p>&nbsp;<\/p>\n<p>&nbsp;<\/p>\n<p><span style=\"font-size: 18pt;\"><strong>CARACTER\u00cdSTICAS FUNCIONALES M\u00c1S DESTACADAS:<\/strong><\/span><\/p>\n<p><span style=\"font-size: 18pt;\">&#8211; Diferentes perfiles de acceso a la aplicaci\u00f3n mediante autentificaci\u00f3n est\u00e1ndar del DASSnet (usuario y password), Directorio Activo de Windows, certificado digital, etc.<\/span><\/p>\n<p><span style=\"font-size: 18pt;\">&#8211; Gestionar en tiempo real de las alarmas t\u00e9cnicas asociadas a elementos de campo (UCA no conectada, tamper controlador, fallo lector, alimentaci\u00f3n, etc&#8230;).<\/span><\/p>\n<p><span style=\"font-size: 18pt;\">&#8211; Gesti\u00f3n multiempresa, y gesti\u00f3n por separado de empleados y contratas.<\/span><\/p>\n<p><span style=\"font-size: 18pt;\">&#8211; Gesti\u00f3n gr\u00e1fica de los elementos, con ubicaci\u00f3n en planos y actuaci\u00f3n directamente sobre los elementos (apertura \/ cierre puertas, conocer presentes, etc&#8230;).<\/span><\/p>\n<p><span style=\"font-size: 18pt;\">&#8211; Cumplir con la normativa de Prevenci\u00f3n de Riesgos Laborales, evitando entradas de personal subcontratado con documentaci\u00f3n caducada o incompleta (necesario ampliaci\u00f3n con m\u00f3dulo Contratas Web).<\/span><\/p>\n<p><span style=\"font-size: 18pt;\">&#8211; Carga autom\u00e1tica de las altas\/bajas\/modificaciones de los datos de los empleados desde ficheros \/ aplicaciones externas.<\/span><\/p>\n<p><span style=\"font-size: 18pt;\">&#8211; Gesti\u00f3n de copias de seguridad de la base de datos autom\u00e1ticas y Gesti\u00f3n de Hist\u00f3ricos.<\/span><\/p>\n<p><span style=\"font-size: 18pt;\">&#8211; Gesti\u00f3n de LOGS &#8211; listados registro operaciones con acceso a bases de datos.<\/span><\/p>\n<p><span style=\"font-size: 18pt;\">&#8211; Cumplimiento LOPD (acceso a bases de datos protegidos por clave).<\/span><\/p>\n<p><span style=\"font-size: 18pt;\">&#8211; Gesti\u00f3n de los permisos de acceso mediante tarjeta, c\u00f3digo, huella, matr\u00edcula veh\u00edculo, etc&#8230; con posibilidad de definir combinaciones entre ellas por cada persona.<\/span><\/p>\n<p><span style=\"font-size: 18pt;\">&#8211; Definir diferentes perfiles de acceso con diferentes rutas de acceso y asignaci\u00f3n de fechas de validez, horarios y calendarios diferentes, incluso por lector y tarjeta.<\/span><\/p>\n<p><span style=\"font-size: 18pt;\">&#8211; Tratamiento de personas para asociar perfiles de acceso por persona o grupos y tener varias tarjetas por persona conservando el historial de tarjetas asignadas.<\/span><\/p>\n<p><span style=\"font-size: 18pt;\">&#8211; Definir recintos y conocer los presentes (empleados, contratas y visitas) en tiempo real<\/span><\/p>\n<p><span style=\"font-size: 18pt;\">&#8211; punto de recuento para Plan de Emergencias, as\u00ed como definir diferentes rutas de evacuaci\u00f3n para apertura \/ cierre autom\u00e1tico de puertas.<\/span><\/p>\n<p><span style=\"font-size: 18pt;\">&#8211; Gestionar diferentes parkings con control de aforo por parking en tiempo real, y posibilidad de asignar diferentes n\u00ba de plazas a diferentes colectivos.<\/span><\/p>\n<p><span style=\"font-size: 18pt;\">&#8211; Controlar la apertura autom\u00e1tica de los lectores por horario y calendario.<\/span><\/p>\n<p><span style=\"font-size: 18pt;\">&#8211; Gestionar el acceso a diferentes plantas de ascensor. &#8211; Conocer los tiempos de estancia en los diferentes recintos, y obtener listados a tal f\u00edn. Permite simular un sencillo Control de Presencia.<\/span><\/p>\n<p><span style=\"font-size: 18pt;\">&#8211; Gesti\u00f3n de antipassback, global o por recinto, s\u00f3lo de entrada o de entrada \/ salida, temporizado, etc&#8230;<\/span><\/p>\n<p><span style=\"font-size: 18pt;\">&#8211; Enviar mensajes por persona al display de los lectores.<\/span><\/p>\n<p><span style=\"font-size: 18pt;\">&#8211; Gestionar autom\u00e1ticamente una serie de tareas para que se ejecuten a determinadas horas y d\u00edas sin intervenci\u00f3n por parte del usuario. Estas tareas son:<\/span><\/p>\n<p><span style=\"font-size: 18pt;\">&#8211; Cambio de hora seg\u00fan el horario de verano.<\/span><\/p>\n<p><span style=\"font-size: 18pt;\">&#8211; Enviar horarios de accesos. &#8211; Horarios avanzados.<\/span><\/p>\n<p><span style=\"font-size: 18pt;\">&#8211; Hacer copias de seguridad, en el caso de bases de datos Oracle \u00f3 SQL Server se desconecta de la base de datos un tiempo configurable.<\/span><\/p>\n<p><span style=\"font-size: 18pt;\">&#8211; Borrado y mantenimiento de movimientos, permite configurar los movimientos que se borrar\u00e1n y si se almacenan en un hist\u00f3rico.<\/span><\/p>\n<p><span style=\"font-size: 18pt;\">&#8211; Obtener listados de todos los tipos de eventos generados, con filtros de selecci\u00f3n y posibilidad de verlos en pantalla, imprimirlos y exportarlos a diferentes formatos (Excel, ASCII, Lotus, etc&#8230;)<\/span><\/p>\n<p><span style=\"font-size: 18pt;\">&#8211; Incorporar a la aplicaci\u00f3n listados desarrollados con herramientas comerciales tipo Crystal Reports o similar.<\/span><\/p>\n<p>&nbsp;<\/p>\n<p>&nbsp;<\/p>\n<p><span style=\"font-size: 18pt;\"><strong>MONITOR DE ACCESOS<\/strong><\/span><\/p>\n<p><span style=\"font-size: 18pt;\">Esta pantalla muestra en tiempo real el estado global de los sistemas de control de accesos, el estado de las comunicaciones y los eventos que se van generando, permitiendo actuar sobre los dispositivos, etc&#8230; Se podr\u00e1n realizar las siguientes actuaciones:<\/span><\/p>\n<p><span style=\"font-size: 18pt;\">&#8211; Dividir la pantalla en diferentes cuadrantes y mostrar \/ ocultar informaci\u00f3n.<\/span><\/p>\n<p><span style=\"font-size: 18pt;\">&#8211; Ver todos los elementos de campo en \u00e1rbol y su estado real.<\/span><\/p>\n<p><span style=\"font-size: 18pt;\">&#8211; Mediante \u201cbot\u00f3n derecho\u201d del rat\u00f3n, actuar sobre los dispositivos para:<\/span><\/p>\n<p><span style=\"font-size: 18pt;\">&#8211; Apertura \/ cierre de puertas.<\/span><\/p>\n<p><span style=\"font-size: 18pt;\">&#8211; Inhibir lectores. &#8211; Atender llamadas de interfon\u00eda IP.<\/span><\/p>\n<p><span style=\"font-size: 18pt;\">&#8211; Ver movimientos actuales o recientes por un lector, etc.<\/span><\/p>\n<p><span style=\"font-size: 18pt;\">&#8211; Ver presentes por recinto en tiempo real.<\/span><\/p>\n<p><span style=\"font-size: 18pt;\">&#8211; Ver aforo de los parking.<\/span><\/p>\n<p><span style=\"font-size: 18pt;\">&#8211; Activar evacuaciones.<\/span><\/p>\n<p><span style=\"font-size: 18pt;\">&#8211; Visualizar todos los eventos que se van generando y con el bot\u00f3n derecho del rat\u00f3n acceder a la ficha de la persona \/ veh\u00edculo.<\/span><\/p>\n<p><span style=\"font-size: 18pt;\">&#8211; Visualizar las fotos de las personas \/ veh\u00edculos que acceden en tiempo real.<\/span><\/p>\n<p><span style=\"font-size: 18pt;\">&#8211; Establecer filtros relativos al tipo de mensaje y sistema del que se van a recibir para permitir una c\u00f3moda visualizaci\u00f3n en instalaciones con gran n\u00famero de sistemas y de movimientos.<\/span><\/p>\n<p><span style=\"font-size: 18pt;\">&#8211; Modificar la definici\u00f3n de los mensajes recibidos en el monitor de accesos&#8230;<\/span><\/p>\n<p>&nbsp;<\/p>\n<p><span style=\"font-size: 18pt;\"><strong>MANTENIMIENTO DE PERSONAS<\/strong><\/span><\/p>\n<p><span style=\"font-size: 18pt;\">Desde el mantenimiento de personas se gestionan los datos de los usuarios del sistema de control de accesos, permitiendo una gesti\u00f3n completa de los datos de las personas, las tarjetas asociadas a las mismas, as\u00ed como los permisos de acceso a estas. <\/span><\/p>\n<p><span style=\"font-size: 18pt;\"><strong>CONFIGURACI\u00d3N DE PERFILES DE ACCESO<\/strong><\/span><\/p>\n<p><span style=\"font-size: 18pt;\">El software de control de accesos permite una amplia configuraci\u00f3n de par\u00e1metros referentes a los perfiles de acceso, entre los que cabe destacar:<\/span><\/p>\n<p><span style=\"font-size: 18pt;\">&#8211; Definir diferentes rutas de acceso y si la ruta es v\u00e1lida para visitas o no. Cada ruta permite definir:<\/span><\/p>\n<p><span style=\"font-size: 18pt;\">&#8211; Lectores que forman parte de la misma, independientemente de si son lectores on-line o tipo DOC.<\/span><\/p>\n<p><span style=\"font-size: 18pt;\">&#8211; Par\u00e1metros de cada lector dentro de dicha ruta:<\/span><\/p>\n<p><span style=\"font-size: 18pt;\">&#8211; Solo acceso, solo presencia o ambos.<\/span><\/p>\n<p><span style=\"font-size: 18pt;\">&#8211; Testeo de horario y calendario de acceso.<\/span><\/p>\n<p><span style=\"font-size: 18pt;\">&#8211; Solicitud de NIP, etc&#8230;<\/span><\/p>\n<p><span style=\"font-size: 18pt;\">&#8211; Definir diferentes calendarios por centro, con d\u00edas laborables, festivos y semifestivos configurables. &#8211; Configurar franjas horarias diferentes para el horario de verano.<\/span><\/p>\n<p><span style=\"font-size: 18pt;\">&#8211; Definir diferentes calendarios para accesos, para aperturas autom\u00e1ticas y para eliminaci\u00f3n del c\u00f3digo personal (NIP).<\/span><\/p>\n<p><span style=\"font-size: 18pt;\">&#8211; Definir hasta dos franjas horarias de apertura autom\u00e1tica por lector, y el modo de activaci\u00f3n (autom\u00e1tica \u00f3 por confirmaci\u00f3n de paso).<\/span><\/p>\n<p><span style=\"font-size: 18pt;\">&#8211; Definir horarios avanzados para apertura autom\u00e1tica de los lectores, sin l\u00edmite de franjas horarias por d\u00eda ni tipos de d\u00eda.<\/span><\/p>\n<p><span style=\"font-size: 18pt;\">&#8211; Definir calendarios y horarios de eliminaci\u00f3n de la necesidad de NIP.<\/span><\/p>\n<p>&nbsp;<\/p>\n<p>&nbsp;<\/p>\n<p><span style=\"font-size: 18pt;\">TERMINOS DE VENTA:<\/span><\/p>\n<p><span style=\"font-size: 18pt;\">Precios expresados en pesos mexicanos.<\/span><\/p>\n<p><span style=\"font-size: 18pt;\">Precios sujetos a cambio sin previo aviso<\/span><\/p>\n<p><span style=\"font-size: 18pt;\">Pago: Anticipado v\u00eda transferencia \u00f3 dep\u00f3sito bancario.<\/span><\/p>\n<p><span style=\"font-size: 18pt;\">Tiempo de entrega: Inmediata o dependiendo existencias.<\/span><\/p>\n<p><span style=\"font-size: 18pt;\">Garant\u00eda de: 1 a\u00f1o (y\/o hasta 3) dependiendo del fabricante, por defectos de fabricaci\u00f3n.<\/span><\/p>\n<p><span style=\"font-size: 18pt;\">No incluye instalaci\u00f3n, canalizaci\u00f3n, ni obra civil, en caso de requerir por favor contacte al depto. de ventas.<\/span><\/p>\n<p><span style=\"font-size: 18pt;\">Para consultar existencias, precios sobre la transportaci\u00f3n y\/o los vi\u00e1ticos, por favor contacte con nosotros.<\/span><\/p>\n<p><span style=\"font-size: 18pt;\">Cualquier duda adicional, consulte a su ejecutivo de ventas.<\/span><\/p>\n<p><span style=\"font-size: 18pt;\">Contamos con laboratorio para la reparaci\u00f3n de equipos: DORLET, ZK TECO, WEJOIN, CAME, ROSSLARE, DIGICON, SYSCOM, AMANO, ACROPRINT, SEIKO, LATHEM, TARGETMAX, KING POWER, SIASA, DAHUA, SUPREMA, INGERSOLL RAND, SCHLAGE.<\/span><\/p>\n","protected":false},"excerpt":{"rendered":"<p>&nbsp; El software para Control de Accesos\u00a0DASSnet desarrollado por\u00a0DORLET, es una potente herramienta para gestionar el control de accesos con una gran facilidad de uso. El software permite trasladar de una forma sencilla la pol\u00edtica de seguridad de una empresa a la instalaci\u00f3n de control de accesos, y desde ese momento gestionar y monitorizar los[&#8230;]<\/p>\n","protected":false},"featured_media":4310,"comment_status":"closed","ping_status":"closed","template":"","meta":[],"product_cat":[110,36,27],"product_tag":[],"class_list":["post-3748","product","type-product","status-publish","has-post-thumbnail","hentry","product_cat-control-de-acceso","product_cat-control-de-acceso-marca-dorlet","product_cat-software","pa_marca-dorlet"],"_links":{"self":[{"href":"https:\/\/globalsystem.com.mx\/catalogo\/wp-json\/wp\/v2\/product\/3748","targetHints":{"allow":["GET"]}}],"collection":[{"href":"https:\/\/globalsystem.com.mx\/catalogo\/wp-json\/wp\/v2\/product"}],"about":[{"href":"https:\/\/globalsystem.com.mx\/catalogo\/wp-json\/wp\/v2\/types\/product"}],"replies":[{"embeddable":true,"href":"https:\/\/globalsystem.com.mx\/catalogo\/wp-json\/wp\/v2\/comments?post=3748"}],"version-history":[{"count":3,"href":"https:\/\/globalsystem.com.mx\/catalogo\/wp-json\/wp\/v2\/product\/3748\/revisions"}],"predecessor-version":[{"id":4314,"href":"https:\/\/globalsystem.com.mx\/catalogo\/wp-json\/wp\/v2\/product\/3748\/revisions\/4314"}],"wp:featuredmedia":[{"embeddable":true,"href":"https:\/\/globalsystem.com.mx\/catalogo\/wp-json\/wp\/v2\/media\/4310"}],"wp:attachment":[{"href":"https:\/\/globalsystem.com.mx\/catalogo\/wp-json\/wp\/v2\/media?parent=3748"}],"wp:term":[{"taxonomy":"product_cat","embeddable":true,"href":"https:\/\/globalsystem.com.mx\/catalogo\/wp-json\/wp\/v2\/product_cat?post=3748"},{"taxonomy":"product_tag","embeddable":true,"href":"https:\/\/globalsystem.com.mx\/catalogo\/wp-json\/wp\/v2\/product_tag?post=3748"}],"curies":[{"name":"wp","href":"https:\/\/api.w.org\/{rel}","templated":true}]}}