{"id":3708,"date":"2022-06-03T22:08:39","date_gmt":"2022-06-03T22:08:39","guid":{"rendered":"https:\/\/webs360apps.com\/ismafinal\/product\/reloj-checador-marca-amano-modelo-ex9000-para-uso-rudo\/"},"modified":"2023-06-09T22:46:49","modified_gmt":"2023-06-09T22:46:49","slug":"reloj-checador-marca-amano-modelo-ex9000-para-uso-rudo","status":"publish","type":"product","link":"https:\/\/globalsystem.com.mx\/catalogo\/reloj-checador-marca-amano-modelo-ex9000-para-uso-rudo","title":{"rendered":"RELOJ  CHECADOR  MARCA AMANO MODELO EX9000 PARA USO RUDO"},"content":{"rendered":"<p><!-- [if gte mso 9]><xml>\n<o_OfficeDocumentSettings>\n<o_AllowPNG\/>\n<\/o_OfficeDocumentSettings>\n<\/xml><![endif]--><\/p>\n<address><span style=\"font-family: 'times new roman', times;\"><sub><strong style=\"mso-bidi-font-weight: normal;\"><span style=\"font-size: 10.0pt; line-height: 107%; font-family: 'Verdana','sans-serif'; mso-bidi-font-family: Arial; color: #000099;\">RELOJ<span style=\"mso-spacerun: yes;\">\u00a0 <\/span>CHECADOR\u00a0 <span style=\"mso-spacerun: yes;\">DE ASISTENCIA <\/span>MARCA AMANO MODELO EX9000 de uso rudo.<\/span><\/strong><\/sub><\/span><\/address>\n<address class=\"MsoNormal\">\u00a0<\/address>\n<address class=\"MsoNormal\"><span style=\"font-family: 'times new roman', times;\"><sub><span style=\"font-size: 10.0pt; line-height: 107%; font-family: 'Verdana','sans-serif'; mso-bidi-font-family: Arial; color: #3f4143;\">Reloj de alta resistencia, dise\u00f1ado para empresas con gran n\u00famero de empleados, este modelo ayuda a que la impresi\u00f3n de una asistencia sea muy r\u00e1pida, pues cuenta con doble rodillo para acelerar la impresi\u00f3n.<\/span><\/sub><\/span><\/address>\n<address class=\"MsoNormal\">\u00a0<\/address>\n<address class=\"MsoNormal\"><span style=\"font-family: 'times new roman', times;\"><sub><strong style=\"mso-bidi-font-weight: normal;\"><span style=\"font-size: 10.0pt; line-height: 107%; font-family: 'Verdana','sans-serif'; mso-bidi-font-family: Arial; color: #000099;\">Caracter\u00edsticas:<\/span><\/strong><\/sub><\/span><\/address>\n<ul>\n<li class=\"MsoNormal\"><span style=\"font-size: 10.0pt; font-family: 'Verdana','sans-serif';\">Car\u00e1tula anal\u00f3gica de gran dimensi\u00f3n para una f\u00e1cil visualizaci\u00f3n <\/span><\/li>\n<li class=\"MsoNormal\"><span style=\"font-size: 10.0pt; font-family: 'Verdana','sans-serif';\">Cinta de un color<\/span><\/li>\n<li class=\"MsoNormal\"><span style=\"font-size: 10.0pt; font-family: 'Verdana','sans-serif';\">Programaci\u00f3n para tarjeta de n\u00f3mina semanal, quincenal, catorcenal, mensual, etc.<\/span><\/li>\n<li class=\"MsoNormal\"><span style=\"font-size: 10.0pt; font-family: 'Verdana','sans-serif';\">Calendario perpetuo<\/span><\/li>\n<li class=\"MsoNormal\"><span style=\"font-size: 10.0pt; font-family: 'Verdana','sans-serif';\">Ajuste autom\u00e1tico de horario de varano\/invierno<\/span><\/li>\n<li class=\"MsoNormal\"><span style=\"font-size: 10.0pt; font-family: 'Verdana','sans-serif';\">Formato de impresi\u00f3n: d\u00eda \u00f3 fecha, AM\/PM, horas y minutos<\/span><\/li>\n<li class=\"MsoNormal\"><span style=\"font-size: 10.0pt; font-family: 'Verdana','sans-serif';\">Cartucho de cinta de f\u00e1cil reemplazo, de un solo color<\/span><\/li>\n<li class=\"MsoNormal\"><span style=\"font-size: 10.0pt; font-family: 'Verdana','sans-serif';\">Bater\u00eda de litio para respaldo de memoria<\/span><\/li>\n<li class=\"MsoNormal\"><span style=\"font-size: 10.0pt; font-family: 'Verdana','sans-serif';\">Impresi\u00f3n autom\u00e1tica al contacto con la tarjeta de asistencia<\/span><\/li>\n<li class=\"MsoNormal\"><span style=\"font-family: 'times new roman', times;\"><strong style=\"mso-bidi-font-weight: normal;\">Reloj checador de uso rudo<\/strong><\/span><\/li>\n<li class=\"MsoNormal\"><span style=\"font-size: 10.0pt; font-family: 'Verdana','sans-serif';\">Alta velocidad de impresi\u00f3n, para evitar que el personal se sature a la hora de checar su tarjeta<\/span><\/li>\n<li class=\"MsoNormal\"><span style=\"font-size: 10.0pt; font-family: 'Verdana','sans-serif';\">Inserci\u00f3n de tarjeta de asistencia vertical<\/span><\/li>\n<li class=\"MsoNormal\"><span style=\"font-size: 10.0pt; font-family: 'Verdana','sans-serif';\">Dise\u00f1ado para aceptar una gran variedad de tarjetas, e incluso es ajustable para los modelos de tarjetas de asistencia<\/span><\/li>\n<li class=\"MsoNormal\"><span style=\"font-size: 10.0pt; line-height: 107%; font-family: 'Verdana','sans-serif'; mso-fareast-font-family: Calibri; mso-fareast-theme-font: minor-latin; mso-bidi-font-family: 'Times New Roman'; mso-bidi-theme-font: minor-bidi; mso-ansi-language: ES-MX; mso-fareast-language: EN-US; mso-bidi-language: AR-SA;\">Recomendado de 300 a 1200 impresiones diarias, (entrada, salida, entrada de comida<\/span><\/li>\n<\/ul>\n<address class=\"MsoNormal\">\u00a0<\/address>\n<address class=\"MsoNormal\"><span style=\"font-family: 'times new roman', times;\"><sub><strong><span style=\"font-size: 10.0pt; line-height: 107%; font-family: 'Verdana','sans-serif'; mso-bidi-font-family: Arial; color: #000099;\">OPCIONALES:<\/span><\/strong><span style=\"font-size: 10.0pt; line-height: 107%; font-family: 'Verdana','sans-serif'; mso-bidi-font-family: Arial; color: #000099;\"> <strong>\u00b7 BATERIA DE RESPALDO PARA QUE FUNCIONE SIN ELECTRICIDAD.<\/strong><\/span><\/sub><\/span><\/address>\n<address class=\"MsoNormal\"><span style=\"font-family: 'times new roman', times;\"><sub><span style=\"font-size: 10.0pt; line-height: 107%; font-family: 'Verdana','sans-serif'; mso-bidi-font-family: Arial; color: #000099; background: white;\">El modelo EX9500 tiene la opci\u00f3n de accionar timbres, y marcar retardos en color rojo, pues cuenta con cartucho bicolor.<\/span><\/sub><\/span><\/address>\n<address class=\"MsoNormal\">\u00a0<\/address>\n<address class=\"MsoNormal\">\u00a0<\/address>\n<address class=\"MsoNormal\"><span style=\"font-size: 10.0pt; line-height: 107%; font-family: 'Verdana','sans-serif'; mso-bidi-font-family: Arial;\">Pago: Anticipado v\u00eda transferencia \u00f3 dep\u00f3sito bancario.<\/span><\/address>\n<address class=\"MsoNormal\"><span style=\"font-size: 10.0pt; line-height: 107%; font-family: 'Verdana','sans-serif'; mso-bidi-font-family: Arial;\">Tiempo de entrega: Inmediata o dependiendo existencias.<\/span><\/address>\n<address class=\"MsoNormal\"><span style=\"font-size: 10.0pt; line-height: 107%; font-family: 'Verdana','sans-serif'; mso-bidi-font-family: Arial;\">Garant\u00eda de: 1 a\u00f1o por defectos de fabricaci\u00f3n.<\/span><\/address>\n<address class=\"MsoNormal\"><span style=\"font-size: 10.0pt; line-height: 107%; font-family: 'Verdana','sans-serif'; mso-bidi-font-family: Arial;\"><span style=\"color: #333333; font-family: 'Times New Roman', serif; font-size: 16px; line-height: 18px;\">Incluye instalaci\u00f3n, capacitacion y puesta en operacion, dentro de la Cd. de M\u00e9xico y area metropolitana.<\/span><\/span><\/address>\n<address class=\"MsoNormal\"><span style=\"font-size: 10.0pt; line-height: 107%; font-family: 'Verdana','sans-serif'; mso-bidi-font-family: Arial;\">Para consultar existencias, precios sobre la transportaci\u00f3n y\/o\u00a0 los vi\u00e1ticos,\u00a0por favor contacte con nosotros.<\/span><\/address>\n<address class=\"MsoNormal\"><span style=\"font-size: 10.0pt; line-height: 107%; font-family: 'Verdana','sans-serif'; mso-bidi-font-family: Arial;\">Precios sujetos a cambio sin previo aviso.<\/span><\/address>\n<address class=\"MsoNormal\"><span style=\"font-size: 10.0pt; line-height: 107%; font-family: 'Verdana','sans-serif'; mso-bidi-font-family: Arial;\">Contamos con talleres propios, para\u00a0el mantenimiento y\/o\u00a0reparaci\u00f3n de los equipos, refacciones y consumibles.<\/span><\/address>\n<address class=\"MsoNormal\"><span style=\"font-size: 10.0pt; line-height: 107%; font-family: 'Verdana','sans-serif'; mso-bidi-font-family: Arial;\">Tambi\u00e9n contamos con servicio de mantenimiento, reparaci\u00f3n, capacitaci\u00f3n para la administraci\u00f3n del software de control de asistencia o acceso, a domicilio.<\/span><\/address>\n<address class=\"MsoNormal\"><span style=\"font-size: 10.0pt; line-height: 107%; font-family: 'Verdana','sans-serif'; mso-bidi-font-family: Arial;\"><span style=\"color: #333333; font-family: 'Times New Roman', serif; font-size: 16px;\">Contamos con la reparaci\u00f3n del reloj checador marca AMANO modelo EX9000 y EX95000<\/span>.<\/span><\/address>\n<address class=\"MsoNormal\"><span style=\"font-size: 10.0pt; line-height: 107%; font-family: 'Verdana','sans-serif'; mso-bidi-font-family: Arial;\">Cualquier duda adicional, consulte a su ejecutivo de ventas.<\/span><\/address>\n<p><span style=\"color: #333333; font-family: 'Times New Roman', serif; font-size: 16px;\">Contamos con la reparaci\u00f3n del reloj checador marca AMANO modelo pix95.<\/span><\/p>\n","protected":false},"excerpt":{"rendered":"<p>RELOJ\u00a0 CHECADOR\u00a0 DE ASISTENCIA MARCA AMANO MODELO EX9000 de uso rudo. \u00a0 Reloj de alta resistencia, dise\u00f1ado para empresas con gran n\u00famero de empleados, este modelo ayuda a que la impresi\u00f3n de una asistencia sea muy r\u00e1pida, pues cuenta con doble rodillo para acelerar la impresi\u00f3n. \u00a0 Caracter\u00edsticas: Car\u00e1tula anal\u00f3gica de gran dimensi\u00f3n para una[&#8230;]<\/p>\n","protected":false},"featured_media":4489,"comment_status":"closed","ping_status":"closed","template":"","meta":[],"product_cat":[30,116],"product_tag":[129],"class_list":["post-3708","product","type-product","status-publish","has-post-thumbnail","hentry","product_cat-relojes-checadores","product_cat-relojes-checadores-amano","product_tag-reloj-electromecanico","pa_marca-amano"],"_links":{"self":[{"href":"https:\/\/globalsystem.com.mx\/catalogo\/wp-json\/wp\/v2\/product\/3708","targetHints":{"allow":["GET"]}}],"collection":[{"href":"https:\/\/globalsystem.com.mx\/catalogo\/wp-json\/wp\/v2\/product"}],"about":[{"href":"https:\/\/globalsystem.com.mx\/catalogo\/wp-json\/wp\/v2\/types\/product"}],"replies":[{"embeddable":true,"href":"https:\/\/globalsystem.com.mx\/catalogo\/wp-json\/wp\/v2\/comments?post=3708"}],"version-history":[{"count":4,"href":"https:\/\/globalsystem.com.mx\/catalogo\/wp-json\/wp\/v2\/product\/3708\/revisions"}],"predecessor-version":[{"id":5046,"href":"https:\/\/globalsystem.com.mx\/catalogo\/wp-json\/wp\/v2\/product\/3708\/revisions\/5046"}],"wp:featuredmedia":[{"embeddable":true,"href":"https:\/\/globalsystem.com.mx\/catalogo\/wp-json\/wp\/v2\/media\/4489"}],"wp:attachment":[{"href":"https:\/\/globalsystem.com.mx\/catalogo\/wp-json\/wp\/v2\/media?parent=3708"}],"wp:term":[{"taxonomy":"product_cat","embeddable":true,"href":"https:\/\/globalsystem.com.mx\/catalogo\/wp-json\/wp\/v2\/product_cat?post=3708"},{"taxonomy":"product_tag","embeddable":true,"href":"https:\/\/globalsystem.com.mx\/catalogo\/wp-json\/wp\/v2\/product_tag?post=3708"}],"curies":[{"name":"wp","href":"https:\/\/api.w.org\/{rel}","templated":true}]}}