{"id":3694,"date":"2022-06-03T22:08:37","date_gmt":"2022-06-03T22:08:37","guid":{"rendered":"https:\/\/webs360apps.com\/ismafinal\/product\/scr-200-lector-para-rondas-de-vigilancia\/"},"modified":"2022-06-13T02:44:01","modified_gmt":"2022-06-13T02:44:01","slug":"scr-200-lector-para-rondas-de-vigilancia","status":"publish","type":"product","link":"https:\/\/globalsystem.com.mx\/catalogo\/scr-200-lector-para-rondas-de-vigilancia","title":{"rendered":"SCR-200 LECTOR PARA RONDAS DE VIGILANCIA"},"content":{"rendered":"<p>Lector para rondines de vigilancia SCR-200<\/p>\n<p>SCR-200 es un lector para control de rondines de vigilancia, peque\u00f1o, pr\u00e1ctico, confiable y muy f\u00e1cil de usar. Funciona con tecnolog\u00eda ibutton.<\/p>\n<p>Un ibutton es b\u00e1sicamente un chip contenido dentro de una envoltura de acero inoxidable de aproximadamente 1.6 cm de di\u00e1metro. Esta tecnolog\u00eda suele utilizarse ampliamente para control de rondines, debido a que es lo suficientemente robusta para resistir las condiciones ambientales del exterior, de modo que los guardias puedan hacer sus recorridos en puntos del edificio que se encuentren a la intemperie, sin riesgo de da\u00f1ar el lector.<\/p>\n<p>Cada ibutton tiene un n\u00famero de serie \u00fanico y la integridad de los datos est\u00e1 asegurada por estrictos protocolos de lectura\/escritura. El dispositivo cuenta con un per\u00edodo aproximado de 10 a\u00f1os de retenci\u00f3n de datos y resiste temperaturas de entre \u201330\u00b0C a +85\u00b0C.<\/p>\n<p>La tecnolog\u00eda ibutton es tambi\u00e9n una de las m\u00e1s usuales debido a su facilidad de implementaci\u00f3n, confiabilidad y durabilidad, que la hacen ideal para aplicaciones en donde la informaci\u00f3n requiere viajar junto con una persona u objeto.<\/p>\n<p>SCR-200 es un lector port\u00e1til, peque\u00f1o, ligero pero al mismo tiempo, robusto. El cuerpo del dispositivo est\u00e1 fabricado en policarbonato de alta calidad y la cabeza de lectura en acero inoxidable. Su nivel de protecci\u00f3n IP55 le permite ser utilizado en exteriores, bajo condiciones ambientales leves a moderadas (est\u00e1 sellado contra polvo y resiste salpicaduras de agua*).<\/p>\n<p>Una gran ventaja de SCR-200 es su bater\u00eda recargable (adaptador no incluido) que lo hace muy conveniente. Con una recarga completa, el equipo puede realizar hasta 1000 lecturas en 2 semanas**<\/p>\n<p>Para recargarlo al 100% requiere de aproximadamente 3 horas. Los indicadores luminosos verde y rojo se\u00f1alar\u00e1n la carga completa, o bien, su estado de carga agotada\/en recarga, respectivamente.<\/p>\n<p>SCR-200 es compatible con el software para control de rondines de vigilancia Guard.Net. Est\u00e1 disponible para su venta individual, o en kit que incluye lo necesario para implementar un sistema de rondines.<\/p>\n<p>*No es sumergible en agua.**El tiempo de duraci\u00f3n de la bater\u00eda puede variar dependiendo del uso intensivo o no del dispositivo<\/p>\n<p>Caracter\u00edsticas:<br \/>\n\uf0d8 Peque\u00f1o, compacto y ligero<br \/>\n\uf0d8 Bater\u00eda recargable<br \/>\n\uf0d8 Utiliza tecnolog\u00eda ibutton<br \/>\n\uf0d8 Nivel de protecci\u00f3n IP55 resistente a polvo y salpicaduras de agua<br \/>\n\uf0d8 Puede usarse en interiores y en condiciones ambientales leves a moderadas en exteriores<br \/>\n\uf0d8 Capacidad de hasta 10,000 registros<\/p>\n<p>Especificaciones:<br \/>\nMaterial Cuerpo de Policarbonato de alta resistencia y cabeza de lectura de acero inoxidable<br \/>\nPeso 65 gr<br \/>\nDimensiones 442 x 50 x 20.5 mm (Alto, ancho, grosor). Cabeza de lectura: 20 mm de di\u00e1metro<br \/>\nMemoria Flash<br \/>\nCapacidad de almacenamiento 10,000 registros<br \/>\nBateria 3.7V, 320mAh Recargable<br \/>\nDuraci\u00f3n de la bater\u00eda Aprox. 1000 lecturas** (puede variar dependiendo del uso intensivo o no del dispositivo)<br \/>\nComunicaciones USB<br \/>\nCompatibilidad ibutton OK<br \/>\nTemperatura de operaci\u00f3n -30\u00baC a 80\u00baC<br \/>\nSoftware compatible Guard.Net<\/p>\n<p>Pago: Anticipado v\u00eda transferencia \u00f3 dep\u00f3sito bancario.<br \/>\nTiempo de entrega: Inmediata o dependiendo existencias.<br \/>\nGarant\u00eda de: 1 a\u00f1o por defectos de fabricaci\u00f3n.<br \/>\nNo incluye instalaci\u00f3n, canalizaci\u00f3n, ni obra civil, en caso de requerir por favor contacte al depto. de ventas.<br \/>\nPara consultar existencias, precios sobre la transportaci\u00f3n y\/o los vi\u00e1ticos, por favor contacte con nosotros. Precios sujetos a cambio sin previo aviso.<br \/>\nContamos con talleres propios, para el mantenimiento y\/o reparaci\u00f3n de los equipos, refacciones y consumibles. Tambi\u00e9n contamos con servicio de mantenimiento, reparaci\u00f3n, capacitaci\u00f3n para la administraci\u00f3n del software de control de asistencia o acceso, a domicilio.<br \/>\nCualquier duda adicional, consulte a su ejecutivo de ventas.<br \/>\nPrecios sujetos a cambio sin previo aviso.<\/p>\n","protected":false},"excerpt":{"rendered":"<p>Lector para rondines de vigilancia SCR-200 SCR-200 es un lector para control de rondines de vigilancia, peque\u00f1o, pr\u00e1ctico, confiable y muy f\u00e1cil de usar. Funciona con tecnolog\u00eda ibutton. Un ibutton es b\u00e1sicamente un chip contenido dentro de una envoltura de acero inoxidable de aproximadamente 1.6 cm de di\u00e1metro. Esta tecnolog\u00eda suele utilizarse ampliamente para control[&#8230;]<\/p>\n","protected":false},"featured_media":4443,"comment_status":"closed","ping_status":"closed","template":"","meta":[],"product_cat":[32],"product_tag":[],"class_list":["post-3694","product","type-product","status-publish","has-post-thumbnail","hentry","product_cat-control-de-rondas-o-rondines-de-vigilancia","pa_marca-siasa"],"_links":{"self":[{"href":"https:\/\/globalsystem.com.mx\/catalogo\/wp-json\/wp\/v2\/product\/3694","targetHints":{"allow":["GET"]}}],"collection":[{"href":"https:\/\/globalsystem.com.mx\/catalogo\/wp-json\/wp\/v2\/product"}],"about":[{"href":"https:\/\/globalsystem.com.mx\/catalogo\/wp-json\/wp\/v2\/types\/product"}],"replies":[{"embeddable":true,"href":"https:\/\/globalsystem.com.mx\/catalogo\/wp-json\/wp\/v2\/comments?post=3694"}],"version-history":[{"count":3,"href":"https:\/\/globalsystem.com.mx\/catalogo\/wp-json\/wp\/v2\/product\/3694\/revisions"}],"predecessor-version":[{"id":4446,"href":"https:\/\/globalsystem.com.mx\/catalogo\/wp-json\/wp\/v2\/product\/3694\/revisions\/4446"}],"wp:featuredmedia":[{"embeddable":true,"href":"https:\/\/globalsystem.com.mx\/catalogo\/wp-json\/wp\/v2\/media\/4443"}],"wp:attachment":[{"href":"https:\/\/globalsystem.com.mx\/catalogo\/wp-json\/wp\/v2\/media?parent=3694"}],"wp:term":[{"taxonomy":"product_cat","embeddable":true,"href":"https:\/\/globalsystem.com.mx\/catalogo\/wp-json\/wp\/v2\/product_cat?post=3694"},{"taxonomy":"product_tag","embeddable":true,"href":"https:\/\/globalsystem.com.mx\/catalogo\/wp-json\/wp\/v2\/product_tag?post=3694"}],"curies":[{"name":"wp","href":"https:\/\/api.w.org\/{rel}","templated":true}]}}