{"id":3660,"date":"2022-06-03T22:08:37","date_gmt":"2022-06-03T22:08:37","guid":{"rendered":"https:\/\/webs360apps.com\/ismafinal\/product\/gard-8-marca-came-barrera-automatica-de-uso-rudo-aperturas-de-uso-industrial\/"},"modified":"2022-06-06T02:21:03","modified_gmt":"2022-06-06T02:21:03","slug":"gard-8-marca-came-barrera-automatica-de-uso-rudo-aperturas-de-uso-industrial","status":"publish","type":"product","link":"https:\/\/globalsystem.com.mx\/catalogo\/gard-8-marca-came-barrera-automatica-de-uso-rudo-aperturas-de-uso-industrial","title":{"rendered":"GARD 8 Barrera automatica marca CAME para control de acceso de uso rudo, apertura de uso industrial"},"content":{"rendered":"<h2><span style=\"font-family: 'times new roman', times; font-size: 14pt;\">Barrera automatica marca CAME modelo GARD 8 para control de acceso.<\/span><\/h2>\n<h2><span style=\"font-family: 'times new roman', times; font-size: 14pt;\">Barrera de uso rudo, aperturas de uso industrial<\/span><\/h2>\n<p><span style=\"font-family: 'times new roman', times; font-size: 14pt;\">Barrera autom\u00e1tica vial para accesos de hasta <strong>7,6 m<\/strong>. Perfiles suaves, aristas redondeadas son una soluci\u00f3n ideal para accesos de grandes dimensiones.<\/span><\/p>\n<p><span style=\"font-family: 'times new roman', times; font-size: 14pt;\"><strong>L\u00e1mpara luminosa de LED<\/strong><\/span><br \/>\n<span style=\"font-family: 'times new roman', times; font-size: 14pt;\">No requiere mantenimiento y garantiza una visibilidad total de la se\u00f1al luminosa.<\/span><\/p>\n<p><span style=\"font-family: 'times new roman', times; font-size: 14pt;\"><strong>Seguridad de actuaci\u00f3n<\/strong><\/span><br \/>\n<span style=\"font-family: 'times new roman', times; font-size: 14pt;\">Un contacto electr\u00f3nico interrumpe autom\u00e1ticamente la tensi\u00f3n de alimentaci\u00f3n durante cada apertura de la puerta de inspecci\u00f3n.<\/span><\/p>\n<div>\n<p><span style=\"font-family: 'times new roman', times; font-size: 14pt;\"><strong>Muelles de sensibilidad diferenciada<\/strong><\/span><br \/>\n<span style=\"font-family: 'times new roman', times; font-size: 14pt;\">Permiten un equilibrado \u00f3ptimo del m\u00e1stil.<\/span><\/p>\n<\/div>\n<p><span style=\"font-family: 'times new roman', times; font-size: 14pt;\"><strong>Carcasa de protecci\u00f3n del m\u00e1stil<\/strong><\/span><br \/>\n<span style=\"font-family: 'times new roman', times; font-size: 14pt;\">Protecci\u00f3n de golpes y de riesgos debidos a la rotaci\u00f3n del m\u00e1stil.<\/span><\/p>\n<div>\n<p><span style=\"font-family: 'times new roman', times; font-size: 14pt;\"><strong>Resistente<\/strong><\/span><br \/>\n<span style=\"font-family: 'times new roman', times; font-size: 14pt;\">Disponible tambi\u00e9n en versi\u00f3n con armario de acero inox AISI 304.<\/span><\/p>\n<\/div>\n<p><span style=\"font-family: 'times new roman', times; font-size: 14pt;\"><strong>Perfecta integraci\u00f3n<\/strong><\/span><br \/>\n<span style=\"font-family: 'times new roman', times; font-size: 14pt;\">Las fotoc\u00e9lulas de seguridad y los selectores se aplican directamente en el cuerpo de la barrera sin incidir en la est\u00e9tica del producto.<\/span><\/p>\n<p><span style=\"font-family: 'times new roman', times; font-size: 14pt;\"><strong>M\u00e1stil con enganche abatible<\/strong><\/span><br \/>\n<span style=\"font-family: 'times new roman', times; font-size: 14pt;\">Apertura horizontal permitida en caso de golpe accidental.<\/span><\/p>\n<h2><span style=\"font-family: 'times new roman', times; font-size: 14pt;\">Ahorro energ\u00e9tico<\/span><\/h2>\n<ul>\n<li><span style=\"font-family: 'times new roman', times; font-size: 14pt;\">tecnolog\u00eda <strong>Sleep Mode<\/strong> que minimiza el consumo de energ\u00eda el\u00e9ctrica cuando el motor no est\u00e1 en funci\u00f3n.<\/span><\/li>\n<li><span style=\"font-family: 'times new roman', times; font-size: 14pt;\">compatible con el panel de alimentaci\u00f3n solar <a href=\"http:\/\/www.came.com\/mx\/es\/automatizaciones\/accesorios\/zero-e.html\" target=\"_blank\" rel=\"noopener\">Zero-E<\/a><\/span><\/li>\n<\/ul>\n<h2><span style=\"font-family: 'times new roman', times; font-size: 14pt;\">Las ventajas de una electr\u00f3nica de 24 V<\/span><\/h2>\n<div>\n<ul>\n<li><span style=\"font-family: 'times new roman', times; font-size: 14pt;\"><strong>nunca m\u00e1s interrupci\u00f3n de energ\u00eda el\u00e9ctrica.<\/strong> La electr\u00f3nica reconoce autom\u00e1ticamente la falta de energ\u00eda el\u00e9ctrica y activa el funcionamiento de emergencia con bater\u00edas espec\u00edficas<\/span><\/li>\n<li><span style=\"font-family: 'times new roman', times; font-size: 14pt;\"><strong>velocidad bajo control.<\/strong> En base a las exigencias requeridas, la electr\u00f3nica regula la velocidad de maniobra<\/span><\/li>\n<li><span style=\"font-family: 'times new roman', times; font-size: 14pt;\"><strong>uso intensivo.<\/strong> El motorreductor de baja tensi\u00f3n garantiza un funcionamiento \u00f3ptimo en las condiciones de uso intensivo<\/span><\/li>\n<li><span style=\"font-family: 'times new roman', times; font-size: 14pt;\"><strong>detecci\u00f3n de obst\u00e1culos.<\/strong> Un especial circuito electr\u00f3nico analiza constantemente el funcionamiento regular, accionando la parada o la inversi\u00f3n del movimiento, en caso de contacto con obst\u00e1culos<\/span><\/li>\n<\/ul>\n<p>&nbsp;<\/p>\n<p><span style=\"font-size: 14pt; font-family: 'times new roman', times;\">Pago: Anticipado v\u00eda transferencia \u00f3 dep\u00f3sito bancario.<\/span><br \/>\n<span style=\"font-size: 14pt; font-family: 'times new roman', times;\">Tiempo de entrega: Inmediata o dependiendo existencias.<\/span><br \/>\n<span style=\"font-size: 14pt; font-family: 'times new roman', times;\">Garant\u00eda de: 1 a\u00f1o por defectos de fabricaci\u00f3n.<\/span><br \/>\n<span style=\"font-size: 14pt; font-family: 'times new roman', times;\">No incluye instalaci\u00f3n, canalizaci\u00f3n, ni obra civil, en caso de requerir por favor contacte al depto. de ventas.<\/span><br \/>\n<span style=\"font-size: 14pt; font-family: 'times new roman', times;\">Contamos con talleres propios, para el mantenimiento y\/o reparaci\u00f3n de los equipos, refacciones y consumibles.<\/span><br \/>\n<span style=\"font-size: 14pt; font-family: 'times new roman', times;\">Tambi\u00e9n contamos con servicio de mantenimiento preventivo o correctivo, reparaci\u00f3n, capacitaci\u00f3n para la administraci\u00f3n del software de control de asistencia, acceso o videovigilancia, a domicilio.<\/span><br \/>\n<span style=\"font-size: 14pt; font-family: 'times new roman', times;\">Cualquier duda adicional por favor, consulte a su ejecutivo de ventas.<\/span><\/p>\n<\/div>\n","protected":false},"excerpt":{"rendered":"<p>Barrera automatica marca CAME modelo GARD 8 para control de acceso. Barrera de uso rudo, aperturas de uso industrial Barrera autom\u00e1tica vial para accesos de hasta 7,6 m. Perfiles suaves, aristas redondeadas son una soluci\u00f3n ideal para accesos de grandes dimensiones. L\u00e1mpara luminosa de LED No requiere mantenimiento y garantiza una visibilidad total de la[&#8230;]<\/p>\n","protected":false},"featured_media":4036,"comment_status":"closed","ping_status":"closed","template":"","meta":[],"product_cat":[35],"product_tag":[100],"class_list":["post-3660","product","type-product","status-publish","has-post-thumbnail","hentry","product_cat-control-de-acceso-vehicular","product_tag-gard-8","pa_marca-came"],"_links":{"self":[{"href":"https:\/\/globalsystem.com.mx\/catalogo\/wp-json\/wp\/v2\/product\/3660","targetHints":{"allow":["GET"]}}],"collection":[{"href":"https:\/\/globalsystem.com.mx\/catalogo\/wp-json\/wp\/v2\/product"}],"about":[{"href":"https:\/\/globalsystem.com.mx\/catalogo\/wp-json\/wp\/v2\/types\/product"}],"replies":[{"embeddable":true,"href":"https:\/\/globalsystem.com.mx\/catalogo\/wp-json\/wp\/v2\/comments?post=3660"}],"version-history":[{"count":3,"href":"https:\/\/globalsystem.com.mx\/catalogo\/wp-json\/wp\/v2\/product\/3660\/revisions"}],"predecessor-version":[{"id":4039,"href":"https:\/\/globalsystem.com.mx\/catalogo\/wp-json\/wp\/v2\/product\/3660\/revisions\/4039"}],"wp:featuredmedia":[{"embeddable":true,"href":"https:\/\/globalsystem.com.mx\/catalogo\/wp-json\/wp\/v2\/media\/4036"}],"wp:attachment":[{"href":"https:\/\/globalsystem.com.mx\/catalogo\/wp-json\/wp\/v2\/media?parent=3660"}],"wp:term":[{"taxonomy":"product_cat","embeddable":true,"href":"https:\/\/globalsystem.com.mx\/catalogo\/wp-json\/wp\/v2\/product_cat?post=3660"},{"taxonomy":"product_tag","embeddable":true,"href":"https:\/\/globalsystem.com.mx\/catalogo\/wp-json\/wp\/v2\/product_tag?post=3660"}],"curies":[{"name":"wp","href":"https:\/\/api.w.org\/{rel}","templated":true}]}}