{"id":3563,"date":"2022-06-03T22:08:30","date_gmt":"2022-06-03T22:08:30","guid":{"rendered":"https:\/\/webs360apps.com\/ismafinal\/product\/reloj-checador-marca-amano-modelo-bx-1500\/"},"modified":"2022-06-15T00:29:55","modified_gmt":"2022-06-15T00:29:55","slug":"reloj-checador-marca-amano-modelo-bx-1500","status":"publish","type":"product","link":"https:\/\/globalsystem.com.mx\/catalogo\/reloj-checador-marca-amano-modelo-bx-1500","title":{"rendered":"RELOJ CHECADOR MARCA AMANO MODELO BX-1500"},"content":{"rendered":"<p class=\"MsoNormal\" style=\"text-align: justify;\"><span style=\"font-family: 'times new roman', times;\"><strong><span lang=\"ES\">Dise\u00f1ada para peque\u00f1as oficinas, tiendas, almacenes. Dise\u00f1ado para valor y simplicidad, la Serie BX-1500 de Amano Cincinnati es un registrador electr\u00f3nico de tiempo econ\u00f3mico dise\u00f1ado expresamente para peque\u00f1os negocios. Este es el reloj m\u00e1s econ\u00f3mico de su clase por su registro f\u00e1cil, exacto, del tiempo marcado por empleados.<\/span><\/strong><\/span><\/p>\n<p class=\"MsoNormal\"><span style=\"font-family: 'times new roman', times;\"><strong><span lang=\"ES\">Beneficios\/Ventajas:<\/span><\/strong><\/span><\/p>\n<p class=\"MsoNormal\"><span style=\"font-family: 'times new roman', times;\"><span lang=\"ES\" style=\"font-size: 10.0pt; font-family: 'Verdana',sans-serif; mso-bidi-font-family: Helvetica-Condensed; color: #c70651;\">\u2022 <\/span><span lang=\"ES\" style=\"font-size: 10.0pt; font-family: 'Verdana',sans-serif; mso-bidi-font-family: Helvetica-Condensed; color: #231f20;\">F\u00e1cil, exacto, eficiente<\/span><\/span><\/p>\n<p class=\"MsoNormal\"><span style=\"font-family: 'times new roman', times;\"><span lang=\"ES\" style=\"font-size: 10.0pt; font-family: 'Verdana',sans-serif; mso-bidi-font-family: Helvetica-Condensed; color: #c70651;\">\u2022 <\/span><span lang=\"ES\" style=\"font-size: 10.0pt; font-family: 'Verdana',sans-serif; mso-bidi-font-family: Helvetica-Condensed; color: #231f20;\">Programaci\u00f3n y operaci\u00f3n simple (instale y olvide)<\/span><\/span><\/p>\n<p class=\"MsoNormal\"><span style=\"font-family: 'times new roman', times;\"><span lang=\"ES\" style=\"font-size: 10.0pt; font-family: 'Verdana',sans-serif; mso-bidi-font-family: Helvetica-Condensed; color: #c70651;\">\u2022 <\/span><span lang=\"ES\" style=\"font-size: 10.0pt; font-family: 'Verdana',sans-serif; mso-bidi-font-family: Helvetica-Condensed; color: #231f20;\">Alimentaci\u00f3n e impresi\u00f3n autom\u00e1tica de tarjeta<\/span><\/span><\/p>\n<p class=\"MsoNormal\"><span style=\"font-family: 'times new roman', times;\"><span lang=\"ES\" style=\"font-size: 10.0pt; font-family: 'Verdana',sans-serif; mso-bidi-font-family: Helvetica-Condensed; color: #c70651;\">\u2022 <\/span><span lang=\"ES\" style=\"font-size: 10.0pt; font-family: 'Verdana',sans-serif; mso-bidi-font-family: Helvetica-Condensed; color: #231f20;\">Cara del reloj an\u00e1loga, grande, f\u00e1cil de leer<\/span><\/span><\/p>\n<p class=\"MsoNormal\"><span style=\"font-family: 'times new roman', times;\"><span lang=\"ES\" style=\"font-size: 10.0pt; font-family: 'Verdana',sans-serif; mso-bidi-font-family: Helvetica-Condensed; color: #c70651;\">\u2022 <\/span><span lang=\"ES\" style=\"font-size: 10.0pt; font-family: 'Verdana',sans-serif; mso-bidi-font-family: Helvetica-Condensed; color: #231f20;\">Ajuste de horario de verano autom\u00e1tico<\/span><\/span><\/p>\n<p class=\"MsoNormal\"><span style=\"font-family: 'times new roman', times;\"><span lang=\"ES\" style=\"font-size: 10.0pt; font-family: 'Verdana',sans-serif; mso-bidi-font-family: Helvetica-Condensed; color: #c70651;\">\u2022 <\/span><span lang=\"ES\" style=\"font-size: 10.0pt; font-family: 'Verdana',sans-serif; mso-bidi-font-family: Helvetica-Condensed; color: #231f20;\">Calendario perpetuo autom\u00e1ticamente se adapta para el a\u00f1o bisiesto<\/span><\/span><\/p>\n<p class=\"MsoNormal\"><span style=\"font-family: 'times new roman', times;\"><span lang=\"ES\" style=\"font-size: 10.0pt; font-family: 'Verdana',sans-serif; mso-bidi-font-family: Helvetica-Condensed; color: #c70651;\">\u2022 <\/span><span lang=\"ES\" style=\"font-size: 10.0pt; font-family: 'Verdana',sans-serif; mso-bidi-font-family: Helvetica-Condensed; color: #231f20;\">Formato de impresi\u00f3n incluye el d\u00eda\/fecha, 0-23 horas, AM\/PM, minutos (10ma o 100ma)<\/span><\/span><\/p>\n<p class=\"MsoNormal\"><span style=\"font-family: 'times new roman', times;\"><span lang=\"ES\" style=\"font-size: 10.0pt; font-family: 'Verdana',sans-serif; mso-bidi-font-family: Helvetica-Condensed; color: #c70651;\">\u2022 <\/span><span lang=\"ES\" style=\"font-size: 10.0pt; font-family: 'Verdana',sans-serif; mso-bidi-font-family: Helvetica-Condensed; color: #231f20;\">Impresora de matriz de puntos de alta calidad para imprenta limpia y clara.<\/span><\/span><\/p>\n<p class=\"MsoNormal\"><span style=\"font-family: 'times new roman', times;\"><span lang=\"ES\" style=\"font-size: 10.0pt; font-family: 'Verdana',sans-serif; mso-bidi-font-family: Helvetica-Condensed; color: #c70651;\">\u2022 <\/span><span lang=\"ES\" style=\"font-size: 10.0pt; font-family: 'Verdana',sans-serif; mso-bidi-font-family: Helvetica-Condensed; color: #231f20;\">Semanal, bisemanal, bimensual y per\u00edodos de paga mensual<\/span><\/span><\/p>\n<p class=\"MsoNormal\"><span style=\"font-family: 'times new roman', times;\"><span lang=\"ES\" style=\"font-size: 10.0pt; font-family: 'Verdana',sans-serif; mso-bidi-font-family: Helvetica-Condensed; color: #c70651;\">\u2022 <\/span><span lang=\"ES\" style=\"font-size: 10.0pt; font-family: 'Verdana',sans-serif; mso-bidi-font-family: Helvetica-Condensed; color: #231f20;\">Funci\u00f3n de retenci\u00f3n de memoria (3 a\u00f1os)<\/span><\/span><\/p>\n<p class=\"MsoNormal\"><span style=\"font-family: 'times new roman', times;\"><span lang=\"ES\" style=\"font-size: 10.0pt; font-family: 'Verdana',sans-serif; mso-bidi-font-family: Helvetica-Condensed; color: #c70651;\">\u2022 <\/span><span lang=\"ES\" style=\"font-size: 10.0pt; font-family: 'Verdana',sans-serif; mso-bidi-font-family: Helvetica-Condensed; color: #231f20;\">Funci\u00f3n de detecci\u00f3n superficial para posici\u00f3n de impresi\u00f3n correcta<\/span><\/span><\/p>\n<p class=\"MsoNormal\"><span style=\"font-family: 'times new roman', times;\"><span lang=\"ES\" style=\"font-size: 10.0pt; font-family: 'Verdana',sans-serif; mso-bidi-font-family: Helvetica-Condensed; color: #c70651;\">\u2022 <\/span><span lang=\"ES\" style=\"font-size: 10.0pt; font-family: 'Verdana',sans-serif; mso-bidi-font-family: Helvetica-Condensed; color: #231f20;\">Alimentaci\u00f3n de tarjeta autom\u00e1tica est\u00e1ndar<\/span><\/span><\/p>\n<p class=\"MsoNormal\" style=\"text-align: justify;\">\n<p class=\"MsoNoSpacing\"><span style=\"font-family: 'times new roman', times;\"><strong>\u00a0<\/strong><\/span><\/p>\n<p class=\"MsoNoSpacing\"><span style=\"font-size: 10.0pt; font-family: 'Verdana',sans-serif; mso-fareast-language: ES-MX;\">Pago: Anticipado v\u00eda transferencia \u00f3 dep\u00f3sito bancario.<\/span><\/p>\n<p class=\"MsoNoSpacing\"><span style=\"font-size: 10.0pt; font-family: 'Verdana',sans-serif; mso-fareast-language: ES-MX;\">Tiempo de entrega: Inmediata o dependiendo existencias.<\/span><\/p>\n<p class=\"MsoNoSpacing\"><span style=\"font-size: 10.0pt; font-family: 'Verdana',sans-serif; mso-fareast-language: ES-MX;\">Garant\u00eda de: 1 a\u00f1o por defectos de fabricaci\u00f3n.<\/span><\/p>\n<p><span style=\"font-size: 12pt; font-family: 'Times New Roman', serif;\">Incluye instalaci\u00f3n, capacitacion y puesta en operacion, dentro de la Cd. de M\u00e9xico y area metropolitana.<\/span><\/p>\n<p class=\"MsoNoSpacing\"><span style=\"font-size: 10.0pt; font-family: 'Verdana',sans-serif; mso-fareast-language: ES-MX;\">Para consultar existencias, precios sobre la transportaci\u00f3n y\/o\u00a0 los vi\u00e1ticos,\u00a0por favor contacte con nosotros.<\/span><\/p>\n<p class=\"MsoNoSpacing\"><span style=\"font-size: 10.0pt; font-family: 'Verdana',sans-serif; mso-fareast-language: ES-MX;\">Precios sujetos a cambio sin previo aviso.<\/span><\/p>\n<p class=\"MsoNormal\" style=\"text-align: justify;\"><span style=\"font-size: 10.0pt; line-height: 107%; font-family: 'Verdana',sans-serif; mso-fareast-font-family: Calibri; mso-fareast-theme-font: minor-latin; mso-bidi-font-family: 'Times New Roman'; mso-bidi-theme-font: minor-bidi; mso-ansi-language: ES-MX; mso-fareast-language: ES-MX; mso-bidi-language: AR-SA;\">Cualquier duda adicional, consulte a su ejecutivo de ventas.<\/span><\/p>\n<p class=\"MsoNormal\" style=\"text-align: justify;\">\n<p class=\"MsoNormal\" style=\"text-align: justify;\">\n<p class=\"MsoNormal\" style=\"text-align: justify;\">\n","protected":false},"excerpt":{"rendered":"<p>Dise\u00f1ada para peque\u00f1as oficinas, tiendas, almacenes. Dise\u00f1ado para valor y simplicidad, la Serie BX-1500 de Amano Cincinnati es un registrador electr\u00f3nico de tiempo econ\u00f3mico dise\u00f1ado expresamente para peque\u00f1os negocios. Este es el reloj m\u00e1s econ\u00f3mico de su clase por su registro f\u00e1cil, exacto, del tiempo marcado por empleados. Beneficios\/Ventajas: \u2022 F\u00e1cil, exacto, eficiente \u2022 Programaci\u00f3n[&#8230;]<\/p>\n","protected":false},"featured_media":4493,"comment_status":"closed","ping_status":"closed","template":"","meta":[],"product_cat":[30,116],"product_tag":[],"class_list":["post-3563","product","type-product","status-publish","has-post-thumbnail","hentry","product_cat-relojes-checadores","product_cat-relojes-checadores-amano","pa_marca-amano"],"_links":{"self":[{"href":"https:\/\/globalsystem.com.mx\/catalogo\/wp-json\/wp\/v2\/product\/3563","targetHints":{"allow":["GET"]}}],"collection":[{"href":"https:\/\/globalsystem.com.mx\/catalogo\/wp-json\/wp\/v2\/product"}],"about":[{"href":"https:\/\/globalsystem.com.mx\/catalogo\/wp-json\/wp\/v2\/types\/product"}],"replies":[{"embeddable":true,"href":"https:\/\/globalsystem.com.mx\/catalogo\/wp-json\/wp\/v2\/comments?post=3563"}],"version-history":[{"count":3,"href":"https:\/\/globalsystem.com.mx\/catalogo\/wp-json\/wp\/v2\/product\/3563\/revisions"}],"predecessor-version":[{"id":4495,"href":"https:\/\/globalsystem.com.mx\/catalogo\/wp-json\/wp\/v2\/product\/3563\/revisions\/4495"}],"wp:featuredmedia":[{"embeddable":true,"href":"https:\/\/globalsystem.com.mx\/catalogo\/wp-json\/wp\/v2\/media\/4493"}],"wp:attachment":[{"href":"https:\/\/globalsystem.com.mx\/catalogo\/wp-json\/wp\/v2\/media?parent=3563"}],"wp:term":[{"taxonomy":"product_cat","embeddable":true,"href":"https:\/\/globalsystem.com.mx\/catalogo\/wp-json\/wp\/v2\/product_cat?post=3563"},{"taxonomy":"product_tag","embeddable":true,"href":"https:\/\/globalsystem.com.mx\/catalogo\/wp-json\/wp\/v2\/product_tag?post=3563"}],"curies":[{"name":"wp","href":"https:\/\/api.w.org\/{rel}","templated":true}]}}