{"id":3471,"date":"2022-06-03T22:08:25","date_gmt":"2022-06-03T22:08:25","guid":{"rendered":"https:\/\/webs360apps.com\/ismafinal\/product\/zk-mb300-reloj-checador-de-asistencia-multibiometrico-reconocimiento-facial-de-1200-rostros-y-1500-huellas-red-y-usb\/"},"modified":"2022-06-15T04:10:11","modified_gmt":"2022-06-15T04:10:11","slug":"zk-mb300-reloj-checador-de-asistencia-multibiometrico-reconocimiento-facial-de-1200-rostros-y-1500-huellas-red-y-usb","status":"publish","type":"product","link":"https:\/\/globalsystem.com.mx\/catalogo\/zk-mb300-reloj-checador-de-asistencia-multibiometrico-reconocimiento-facial-de-1200-rostros-y-1500-huellas-red-y-usb","title":{"rendered":"ZK MB300 &#8211; RELOJ CHECADOR DE ASISTENCIA MULTIBIOMETRICO\/ RECONOCIMIENTO FACIAL DE 1200 ROSTROS Y 1500 HUELLAS DIGITALES\/ RED Y USB"},"content":{"rendered":"<p style=\"font-family: Arial, Helvetica, sans-serif; font-size: 12px;\"><span style=\"font-size: small; font-family: arial, helvetica, sans-serif;\">El nuevo\u00a0ZK MB300 reloj checador de huella digital y reconocimiento facial.<\/span><\/p>\n<p style=\"font-family: Arial, Helvetica, sans-serif; font-size: 12px;\"><span style=\"font-size: small; font-family: arial, helvetica, sans-serif;\">El equipo puede obtener la asistencia de un empleado de diferentes formas, incluyendo rostro, huella digital y contrase\u00f1a.<\/span><\/p>\n<p style=\"font-family: Arial, Helvetica, sans-serif; font-size: 12px;\"><span style=\"font-size: small; font-family: arial, helvetica, sans-serif;\">La interfaz de comunicaci\u00f3n TCP\/IP y Host-USB permiten gestionar los datos f\u00e1cilmente.<\/span><\/p>\n<p style=\"font-family: Arial, Helvetica, sans-serif; font-size: 12px;\"><span style=\"font-size: small; font-family: arial, helvetica, sans-serif;\">Nuevo dise\u00f1o adecuado para los mercados comerciales, como una empresa, banco o f\u00e1brica.<\/span><\/p>\n<p style=\"font-family: Arial, Helvetica, sans-serif; font-size: 12px;\"><span style=\"font-family: 'times new roman', times;\"><strong>Caracteristicas<\/strong><\/span><\/p>\n<ul style=\"font-family: Arial, Helvetica, sans-serif; font-size: 12px;\">\n<li><span style=\"font-size: small; font-family: arial, helvetica, sans-serif;\">1200 Rostros, 1500 Huellas digitales, 80,000 Eventos y 1,000 Tarjetas (Opcional). Multilenguaje.<\/span><\/li>\n<li><span style=\"font-size: small; font-family: arial, helvetica, sans-serif;\">Interfaz de Comunicaci\u00f3n TCP\/IP, USB-Host.<\/span><\/li>\n<li><span style=\"font-size: small; font-family: arial, helvetica, sans-serif;\">R\u00e1pida Verificaci\u00f3n.<\/span><\/li>\n<li><span style=\"font-size: small; font-family: arial, helvetica, sans-serif;\">Firmware Profesional y Plataforma m\u00e1s Flexible.<\/span><\/li>\n<li><span style=\"font-size: small; font-family: arial, helvetica, sans-serif;\">Interfaz de Usuario Sencilla e intuitiva con un Dise\u00f1o Visual y Atractivo.<\/span><\/li>\n<\/ul>\n<p><span style=\"background-color: #000080;\"><strong style=\"color: #ffffff; font-family: Arial, Helvetica, sans-serif; font-size: small; background-color: #00df10;\"><span class=\"nuevo\">Especificaciones T\u00e9cnicas<\/span><\/strong><\/span><\/p>\n<table class=\"table table-striped\" style=\"max-width: 100%; color: #000000; font-family: Arial, Helvetica, sans-serif; font-size: 12px;\">\n<tbody>\n<tr class=\"secondbg\">\n<td style=\"width: 166.8px;\"><span style=\"font-family: 'times new roman', times;\">Capacidad de Rostros<\/span><\/td>\n<td><span style=\"font-family: 'times new roman', times;\">1,200<\/span><\/td>\n<\/tr>\n<tr class=\"firstbg\">\n<td style=\"width: 166.8px;\"><span style=\"font-family: 'times new roman', times;\">Capacidad de Huellas<\/span><\/td>\n<td><span style=\"font-family: 'times new roman', times;\">1,500<\/span><\/td>\n<\/tr>\n<tr class=\"secondbg\">\n<td style=\"width: 166.8px;\"><span style=\"font-family: 'times new roman', times;\">Capacidad de Tarjetas<\/span><\/td>\n<td><span style=\"font-family: 'times new roman', times;\">1,000(Opcional, NO INCLUIDO)<\/span><\/td>\n<\/tr>\n<tr class=\"firstbg\">\n<td style=\"width: 166.8px;\"><span style=\"font-family: 'times new roman', times;\">Capacidad de Eventos<\/span><\/td>\n<td><span style=\"font-family: 'times new roman', times;\">80,000<\/span><\/td>\n<\/tr>\n<tr class=\"secondbg\">\n<td style=\"width: 166.8px;\"><span style=\"font-family: 'times new roman', times;\">Pantalla<\/span><\/td>\n<td><span style=\"font-family: 'times new roman', times;\">TFT 2.8 Pulgadas<\/span><\/td>\n<\/tr>\n<tr class=\"firstbg\">\n<td style=\"width: 166.8px;\"><span style=\"font-family: 'times new roman', times;\">Comunicaci\u00f3n<\/span><\/td>\n<td><span style=\"font-family: 'times new roman', times;\">TCP\/IP, USB-Host<\/span><\/td>\n<\/tr>\n<tr class=\"secondbg\">\n<td style=\"width: 166.8px;\"><span style=\"font-family: 'times new roman', times;\">Funciones Est\u00e1ndar<\/span><\/td>\n<td><span style=\"font-family: 'times new roman', times;\">C\u00f3digo de Trabajo, SMS, Horario de Verano, Timbre Programado, B\u00fasqueda Self-Service, Cambio Autom\u00e1tico de Estado, Entrada T9, Foto ID, C\u00e1mara<\/span><\/td>\n<\/tr>\n<tr class=\"firstbg\">\n<td style=\"width: 166.8px;\"><span style=\"font-family: 'times new roman', times;\">Funciones Opcionales<\/span><\/td>\n<td><span style=\"font-family: 'times new roman', times;\">Tarjeta ID\/MIFARE<\/span><\/td>\n<\/tr>\n<tr class=\"secondbg\">\n<td style=\"width: 166.8px;\"><span style=\"font-family: 'times new roman', times;\">Fuente de Alimentaci\u00f3n<\/span><\/td>\n<td><span style=\"font-family: 'times new roman', times;\">DC 5V 0.8A<\/span><\/td>\n<\/tr>\n<tr class=\"firstbg\">\n<td style=\"width: 166.8px;\"><span style=\"font-family: 'times new roman', times;\">Velocidad de Verificaci\u00f3n<\/span><\/td>\n<td><span style=\"font-family: 'times new roman', times;\">\u2264 1 Seg<\/span><\/td>\n<\/tr>\n<tr class=\"secondbg\">\n<td style=\"width: 166.8px;\"><span style=\"font-family: 'times new roman', times;\">Temperatura de Operaci\u00f3n<\/span><\/td>\n<td><span style=\"font-family: 'times new roman', times;\">0\u00b0c a 45\u00b0c<\/span><\/td>\n<\/tr>\n<tr class=\"firstbg\">\n<td style=\"width: 166.8px;\"><span style=\"font-family: 'times new roman', times;\">Humedad de Operaci\u00f3n<\/span><\/td>\n<td><span style=\"font-family: 'times new roman', times;\">20% &#8211; 80%<\/span><\/td>\n<\/tr>\n<tr class=\"secondbg\">\n<td style=\"width: 166.8px;\"><span style=\"font-family: 'times new roman', times;\">Dimensiones<\/span><\/td>\n<td><span style=\"font-family: 'times new roman', times;\">167.5 x 148.8 x 32.2 mm<\/span><\/td>\n<\/tr>\n<tr class=\"firstbg\">\n<td style=\"width: 166.8px;\"><span style=\"font-family: 'times new roman', times;\">Peso Total<\/span><\/td>\n<td><span style=\"font-family: 'times new roman', times;\">380 gr<\/span><\/td>\n<\/tr>\n<\/tbody>\n<\/table>\n<p>&nbsp;<\/p>\n<p><span style=\"font-family: arial, helvetica, sans-serif;\">Pago: Anticipado v\u00eda transferencia \u00f3 dep\u00f3sito bancario.<\/span><br \/>\n<span style=\"font-family: arial, helvetica, sans-serif;\">Tiempo de entrega: Inmediata o dependiendo existencias.<\/span><br \/>\n<span style=\"font-family: arial, helvetica, sans-serif;\">Garant\u00eda de: 1 a\u00f1o por defectos de fabricaci\u00f3n.<\/span><br \/>\n<span style=\"font-family: arial, helvetica, sans-serif;\">No incluye instalaci\u00f3n, canalizaci\u00f3n, ni obra civil, en caso de requerir por favor contacte al depto. de ventas.<\/span><br \/>\n<span style=\"font-family: arial, helvetica, sans-serif;\">Para consultar existencias, precios sobre la transportaci\u00f3n y\/o los vi\u00e1ticos, por favor contacte con nosotros.<\/span><br \/>\n<span style=\"font-family: arial, helvetica, sans-serif;\">Precios sujetos a cambio sin previo aviso.<\/span><br \/>\n<span style=\"font-family: arial, helvetica, sans-serif;\">Contamos con talleres propios, para el mantenimiento y\/o reparaci\u00f3n de los equipos, refacciones y consumibles.<\/span><br \/>\n<span style=\"font-family: arial, helvetica, sans-serif;\">Tambi\u00e9n contamos con servicio de mantenimiento preventivo o correctivo, reparaci\u00f3n, capacitaci\u00f3n para la administraci\u00f3n del software de control de asistencia, acceso o videovigilancia, a domicilio.<\/span><br \/>\n<span style=\"font-family: arial, helvetica, sans-serif;\">Cualquier duda adicional por favor, consulte a su ejecutivo de ventas.<\/span><\/p>\n<address>\u00a0<\/address>\n<p>&nbsp;<\/p>\n<table class=\"cdd\" style=\"max-width: 100%; color: #000000; font-family: Arial, Helvetica, sans-serif; font-size: 12px;\" border=\"0\" align=\"center\">\n<tbody>\n<tr>\n<td bgcolor=\"#00df10\" width=\"700\" height=\"22\"><span style=\"color: #ffffff; font-size: small;\"><strong>Especificaciones T\u00e9cnicas<\/strong><\/span><\/td>\n<\/tr>\n<\/tbody>\n<\/table>\n<table class=\"table table-striped\" style=\"max-width: 100%; color: #000000; font-family: Arial, Helvetica, sans-serif; font-size: 12px;\">\n<tbody>\n<tr class=\"secondbg\">\n<td style=\"width: 166.8px;\">Capacidad de Rostros<\/td>\n<td>1,200<\/td>\n<\/tr>\n<tr class=\"firstbg\">\n<td style=\"width: 166.8px;\">Capacidad de Huellas<\/td>\n<td>1,500<\/td>\n<\/tr>\n<tr class=\"secondbg\">\n<td style=\"width: 166.8px;\">Capacidad de Tarjetas<\/td>\n<td>1,000(Opcional, NO INCLUIDO)<\/td>\n<\/tr>\n<tr class=\"firstbg\">\n<td style=\"width: 166.8px;\">Capacidad de Eventos<\/td>\n<td>80,000<\/td>\n<\/tr>\n<tr class=\"secondbg\">\n<td style=\"width: 166.8px;\">Pantalla<\/td>\n<td>TFT 2.8 Pulgadas<\/td>\n<\/tr>\n<tr class=\"firstbg\">\n<td style=\"width: 166.8px;\">Comunicaci\u00f3n<\/td>\n<td>TCP\/IP, USB-Host<\/td>\n<\/tr>\n<tr class=\"secondbg\">\n<td style=\"width: 166.8px;\">Funciones Est\u00e1ndar<\/td>\n<td>C\u00f3digo de Trabajo, SMS, Horario de Verano, Timbre Programado, B\u00fasqueda Self-Service, Cambio Autom\u00e1tico de Estado, Entrada T9, Foto ID, C\u00e1mara<\/td>\n<\/tr>\n<tr class=\"firstbg\">\n<td style=\"width: 166.8px;\">Funciones Opcionales<\/td>\n<td>Tarjeta ID\/MIFARE<\/td>\n<\/tr>\n<tr class=\"secondbg\">\n<td style=\"width: 166.8px;\">Fuente de Alimentaci\u00f3n<\/td>\n<td>DC 5V 0.8A<\/td>\n<\/tr>\n<tr class=\"firstbg\">\n<td style=\"width: 166.8px;\">Velocidad de Verificaci\u00f3n<\/td>\n<td>\u2264 1 Seg<\/td>\n<\/tr>\n<tr class=\"secondbg\">\n<td style=\"width: 166.8px;\">Temperatura de Operaci\u00f3n<\/td>\n<td>0\u00b0c a 45\u00b0c<\/td>\n<\/tr>\n<tr class=\"firstbg\">\n<td style=\"width: 166.8px;\">Humedad de Operaci\u00f3n<\/td>\n<td>20% &#8211; 80%<\/td>\n<\/tr>\n<tr class=\"secondbg\">\n<td style=\"width: 166.8px;\">Dimensiones<\/td>\n<td>167.5 x 148.8 x 32.2 mm<\/td>\n<\/tr>\n<tr class=\"firstbg\">\n<td style=\"width: 166.8px;\">Peso Total<\/td>\n<td>380 gr<\/td>\n<\/tr>\n<\/tbody>\n<\/table>\n","protected":false},"excerpt":{"rendered":"<p>El nuevo\u00a0ZK MB300 reloj checador de huella digital y reconocimiento facial. El equipo puede obtener la asistencia de un empleado de diferentes formas, incluyendo rostro, huella digital y contrase\u00f1a. La interfaz de comunicaci\u00f3n TCP\/IP y Host-USB permiten gestionar los datos f\u00e1cilmente. Nuevo dise\u00f1o adecuado para los mercados comerciales, como una empresa, banco o f\u00e1brica. Caracteristicas[&#8230;]<\/p>\n","protected":false},"featured_media":4370,"comment_status":"closed","ping_status":"closed","template":"","meta":[],"product_cat":[110,34,120],"product_tag":[],"class_list":["post-3471","product","type-product","status-publish","has-post-thumbnail","hentry","product_cat-control-de-acceso","product_cat-control-de-asistencia-biometricos","product_cat-relojes-de-huella-digital","pa_marca-zkteco"],"_links":{"self":[{"href":"https:\/\/globalsystem.com.mx\/catalogo\/wp-json\/wp\/v2\/product\/3471","targetHints":{"allow":["GET"]}}],"collection":[{"href":"https:\/\/globalsystem.com.mx\/catalogo\/wp-json\/wp\/v2\/product"}],"about":[{"href":"https:\/\/globalsystem.com.mx\/catalogo\/wp-json\/wp\/v2\/types\/product"}],"replies":[{"embeddable":true,"href":"https:\/\/globalsystem.com.mx\/catalogo\/wp-json\/wp\/v2\/comments?post=3471"}],"version-history":[{"count":4,"href":"https:\/\/globalsystem.com.mx\/catalogo\/wp-json\/wp\/v2\/product\/3471\/revisions"}],"predecessor-version":[{"id":4585,"href":"https:\/\/globalsystem.com.mx\/catalogo\/wp-json\/wp\/v2\/product\/3471\/revisions\/4585"}],"wp:featuredmedia":[{"embeddable":true,"href":"https:\/\/globalsystem.com.mx\/catalogo\/wp-json\/wp\/v2\/media\/4370"}],"wp:attachment":[{"href":"https:\/\/globalsystem.com.mx\/catalogo\/wp-json\/wp\/v2\/media?parent=3471"}],"wp:term":[{"taxonomy":"product_cat","embeddable":true,"href":"https:\/\/globalsystem.com.mx\/catalogo\/wp-json\/wp\/v2\/product_cat?post=3471"},{"taxonomy":"product_tag","embeddable":true,"href":"https:\/\/globalsystem.com.mx\/catalogo\/wp-json\/wp\/v2\/product_tag?post=3471"}],"curies":[{"name":"wp","href":"https:\/\/api.w.org\/{rel}","templated":true}]}}