{"id":3461,"date":"2022-06-03T22:08:25","date_gmt":"2022-06-03T22:08:25","guid":{"rendered":"https:\/\/webs360apps.com\/ismafinal\/product\/reloj-registrador-de-asistencia-y-receptor-de-documentos-marca-kings-power-modelo-sp-550-incluye-baterias-recargables\/"},"modified":"2022-06-15T02:38:09","modified_gmt":"2022-06-15T02:38:09","slug":"reloj-registrador-de-asistencia-y-receptor-de-documentos-marca-kings-power-modelo-sp-550-incluye-baterias-recargables","status":"publish","type":"product","link":"https:\/\/globalsystem.com.mx\/catalogo\/reloj-registrador-de-asistencia-y-receptor-de-documentos-marca-kings-power-modelo-sp-550-incluye-baterias-recargables","title":{"rendered":"RELOJ REGISTRADOR DE ASISTENCIA Y RECEPTOR DE DOCUMENTOS MARCA KINGS POWER MODELO SP-550. Incluye bater\u00edas recargables"},"content":{"rendered":"<p style=\"text-align: center;\"><span style=\"font-size: 8pt;\"><strong><span style=\"font-size: 10pt; font-family: Verdana, sans-serif; color: #000099;\">RELOJ CHECADOR DE ASISTENCIA Y RECEPTOR DE DOCUMENTOS <\/span><\/strong><\/span><\/p>\n<p style=\"text-align: center;\"><span style=\"font-size: 8pt;\"><strong><span style=\"font-size: 10pt; font-family: Verdana, sans-serif; color: #000099;\">Marca KINGS POWER modelo SP-550.<\/span><\/strong><\/span><\/p>\n<p style=\"text-align: center;\"><span style=\"font-size: 8pt;\"><strong><span style=\"font-size: 10pt; font-family: Verdana, sans-serif; color: #000099;\"><strong><span lang=\"ES\" style=\"font-size: 10pt; font-family: Verdana, sans-serif; color: #000099; background-image: initial; background-attachment: initial; background-position: initial; background-repeat: initial;\">Incluye bater\u00edas recargables para seguir imprimiendo cuando hay cortes de energ\u00eda el\u00e9ctrica<\/span><\/strong><\/span><\/strong><\/span><\/p>\n<p>&nbsp;<\/p>\n<ul>\n<li><span style=\"font-size: 8pt; font-family: Verdana, sans-serif;\">Reloj checador electr\u00f3nico para cotrol de asistencia o documentos<\/span><\/li>\n<li><span style=\"font-size: 8pt; font-family: Verdana, sans-serif;\">Car\u00e1tula Digital al frente<\/span><\/li>\n<li><span style=\"font-size: 8pt; font-family: Verdana, sans-serif;\">Impresi\u00f3n autom\u00e1tica o manual<\/span><\/li>\n<li><span style=\"font-size: 8pt; font-family: Verdana, sans-serif;\">Imprime a\u00f1o, mes, d\u00eda, hora y minutos<\/span><\/li>\n<li><span style=\"font-size: 8pt; font-family: Verdana, sans-serif;\">Cinco caracteres agregables a la impresi\u00f3n para identificar el equipo.<\/span><\/li>\n<li><span style=\"font-size: 8pt; font-family: Verdana, sans-serif; color: #000099;\">Reserva de energ\u00eda por 24 horas o 200 impresiones<\/span><\/li>\n<li><span style=\"font-size: 8pt; font-family: Verdana, sans-serif;\">Memoria de programa hasta dos a\u00f1os<\/span><\/li>\n<li><span style=\"font-size: 8pt; font-family: Verdana, sans-serif;\">Calendario perpetuo<\/span><\/li>\n<li><span style=\"font-size: 8pt; font-family: Verdana, sans-serif;\">Cambio de horario de verano programable<\/span><\/li>\n<li><span style=\"font-size: 8pt; font-family: Verdana, sans-serif;\">Para estacionamientos o empresas peque\u00f1as<\/span><\/li>\n<li><span style=\"font-size: 8pt; font-family: Verdana, sans-serif;\">Un a\u00f1o de garant\u00eda<\/span><\/li>\n<\/ul>\n<p>&nbsp;<\/p>\n<p><span style=\"font-size: 8pt; font-family: 'Times New Roman', serif;\">Pago: Anticipado v\u00eda transferencia \u00f3 dep\u00f3sito bancario.<br \/>\nTiempo de entrega: Inmediata o dependiendo existencias.<br \/>\nGarant\u00eda de: 1 a\u00f1o por defectos de fabricaci\u00f3n.<\/span><\/p>\n<p><span style=\"font-size: 8pt; font-family: 'Times New Roman', serif;\">Entrega e instalaci\u00f3n a domicilio sin costo extra, dentro del \u00e1rea metropolitana<br \/>\nNo incluye, canalizaci\u00f3n, ducteria, ni obra civil, en caso de requerir por favor contacte al depto. de ventas.<br \/>\nPara consultar existencias, precios sobre la transportaci\u00f3n y\/o los vi\u00e1ticos, por favor contacte con nosotros.<br \/>\nPrecios sujetos a cambio sin previo aviso.<br \/>\nContamos con talleres propios, para el mantenimiento y\/o reparaci\u00f3n de los equipos, refacciones y consumibles.<br \/>\nTambi\u00e9n contamos con servicio de mantenimiento preventivo o correctivo, reparaci\u00f3n, capacitaci\u00f3n para la administraci\u00f3n del software de control de asistencia, acceso o videovigilancia, a domicilio.<br \/>\nCualquier duda adicional por favor, consulte a su ejecutivo de ventas.<\/span><\/p>\n<p>&nbsp;<\/p>\n","protected":false},"excerpt":{"rendered":"<p>RELOJ CHECADOR DE ASISTENCIA Y RECEPTOR DE DOCUMENTOS Marca KINGS POWER modelo SP-550. Incluye bater\u00edas recargables para seguir imprimiendo cuando hay cortes de energ\u00eda el\u00e9ctrica &nbsp; Reloj checador electr\u00f3nico para cotrol de asistencia o documentos Car\u00e1tula Digital al frente Impresi\u00f3n autom\u00e1tica o manual Imprime a\u00f1o, mes, d\u00eda, hora y minutos Cinco caracteres agregables a la[&#8230;]<\/p>\n","protected":false},"featured_media":4531,"comment_status":"closed","ping_status":"closed","template":"","meta":[],"product_cat":[30,118],"product_tag":[],"class_list":["post-3461","product","type-product","status-publish","has-post-thumbnail","hentry","product_cat-relojes-checadores","product_cat-relojes-checadores-targetmax-y-kings-power","pa_marca-targetmax"],"_links":{"self":[{"href":"https:\/\/globalsystem.com.mx\/catalogo\/wp-json\/wp\/v2\/product\/3461","targetHints":{"allow":["GET"]}}],"collection":[{"href":"https:\/\/globalsystem.com.mx\/catalogo\/wp-json\/wp\/v2\/product"}],"about":[{"href":"https:\/\/globalsystem.com.mx\/catalogo\/wp-json\/wp\/v2\/types\/product"}],"replies":[{"embeddable":true,"href":"https:\/\/globalsystem.com.mx\/catalogo\/wp-json\/wp\/v2\/comments?post=3461"}],"version-history":[{"count":3,"href":"https:\/\/globalsystem.com.mx\/catalogo\/wp-json\/wp\/v2\/product\/3461\/revisions"}],"predecessor-version":[{"id":4533,"href":"https:\/\/globalsystem.com.mx\/catalogo\/wp-json\/wp\/v2\/product\/3461\/revisions\/4533"}],"wp:featuredmedia":[{"embeddable":true,"href":"https:\/\/globalsystem.com.mx\/catalogo\/wp-json\/wp\/v2\/media\/4531"}],"wp:attachment":[{"href":"https:\/\/globalsystem.com.mx\/catalogo\/wp-json\/wp\/v2\/media?parent=3461"}],"wp:term":[{"taxonomy":"product_cat","embeddable":true,"href":"https:\/\/globalsystem.com.mx\/catalogo\/wp-json\/wp\/v2\/product_cat?post=3461"},{"taxonomy":"product_tag","embeddable":true,"href":"https:\/\/globalsystem.com.mx\/catalogo\/wp-json\/wp\/v2\/product_tag?post=3461"}],"curies":[{"name":"wp","href":"https:\/\/api.w.org\/{rel}","templated":true}]}}