{"id":3457,"date":"2022-06-03T22:08:22","date_gmt":"2022-06-03T22:08:22","guid":{"rendered":"https:\/\/webs360apps.com\/ismafinal\/product\/zk-p200mf-lector-biometrico-portatil-programable-camara-touchscreen-android-2g-gps-bateria\/"},"modified":"2022-06-13T00:06:24","modified_gmt":"2022-06-13T00:06:24","slug":"zk-p200mf-lector-biometrico-portatil-programable-camara-touchscreen-android-2g-gps-bateria","status":"publish","type":"product","link":"https:\/\/globalsystem.com.mx\/catalogo\/zk-p200mf-lector-biometrico-portatil-programable-camara-touchscreen-android-2g-gps-bateria","title":{"rendered":"GSASISO ZK P200MF- LECTOR BIOMETRICO PORTATIL PROGRAMABLE\/ CAMARA \/ TOUCHSCREEN\/ ANDROID \/ 2G\/ GPS\/ BATERIA"},"content":{"rendered":"<p class=\"MsoNormal\" style=\"mso-margin-top-alt: auto; mso-margin-bottom-alt: auto; line-height: normal;\"><span lang=\"ES\" style=\"font-size: 10.0pt; font-family: 'Verdana','sans-serif'; mso-fareast-font-family: 'Times New Roman'; mso-bidi-font-family: Arial; color: black; mso-ansi-language: ES; mso-fareast-language: ES-MX;\">El P200\u00a0es una terminal de\u00a0colecci\u00f3n\u00a0de datos m\u00f3vil\u00a0con un sistema operativo Android\u00a0totalmente revolucionario. Es la\u00a0perfecta\u00a0combinaci\u00f3n\u00a0de la biometr\u00eda y la plataforma\u00a0Android, esto\u00a0hace que sea\u00a0m\u00e1s vers\u00e1til.\u00a0ZK\u00a0tambi\u00e9n proporciona\u00a0SDK\u00a0mediante el cual\u00a0se puede desarrollar\u00a0lo que quieras y lo que tu imaginaci\u00f3n decida. El\u00a0P200\u00a0es\u00a0no s\u00f3lo\u00a0un producto, sino\u00a0tambi\u00e9n\u00a0una plataforma\u00a0para su\u00a0completo\u00a0desarrollo.<br \/>\n<!-- [if !supportLineBreakNewLine]--><br \/>\n<!--[endif]--><\/span><\/p>\n<p class=\"MsoNormal\" style=\"mso-margin-top-alt: auto; mso-margin-bottom-alt: auto; line-height: normal;\"><span lang=\"ES\" style=\"font-size: 10.0pt; font-family: 'Verdana','sans-serif'; mso-fareast-font-family: 'Times New Roman'; mso-bidi-font-family: Arial; color: black; mso-ansi-language: ES; mso-fareast-language: ES-MX;\">Con los m\u00e9todos\u00a0modernos de comunicaci\u00f3n\u00a0como\u00a0TCP\u00a0\u00a0IP,\u00a0USB-host\/OTG, Wi-Fi, GPRS\u00a0y 3G\u00a0(WCDMA), se puede\u00a0realizar una\u00a0comunicaci\u00f3n conveniente en cualquier momento\u00a0en cualquier lugar.<\/span><\/p>\n<p class=\"MsoNormal\" style=\"mso-margin-top-alt: auto; mso-margin-bottom-alt: auto; line-height: normal;\"><span lang=\"ES\" style=\"font-size: 10.0pt; font-family: 'Verdana','sans-serif'; mso-fareast-font-family: 'Times New Roman'; mso-bidi-font-family: Arial; color: black; mso-ansi-language: ES; mso-fareast-language: ES-MX;\"><br \/>\nPuede\u00a0ser ampliamente utilizado en\u00a0la\u00a0log\u00edstica,\u00a0la construcci\u00f3n,\u00a0y la miner\u00eda, agr\u00edcola,\u00a0escuela,\u00a0f\u00e1brica,\u00a0etc<\/span><span style=\"font-size: 10.0pt; font-family: 'Verdana','sans-serif'; mso-fareast-font-family: 'Times New Roman'; mso-bidi-font-family: Arial; color: black; mso-fareast-language: ES-MX;\">.<\/span><\/p>\n<p class=\"MsoNormal\" style=\"mso-margin-top-alt: auto; mso-margin-bottom-alt: auto; text-align: justify; line-height: normal;\"><span style=\"font-size: 10.0pt; font-family: 'Verdana','sans-serif'; mso-fareast-font-family: 'Times New Roman'; mso-bidi-font-family: Arial; color: black; mso-fareast-language: ES-MX;\">Funciones principales:<\/span><\/p>\n<ul type=\"disc\">\n<li class=\"MsoNormal\" style=\"color: black; mso-margin-top-alt: auto; mso-margin-bottom-alt: auto; text-align: justify; line-height: normal; mso-list: l0 level1 lfo1; tab-stops: list 36.0pt;\"><span style=\"font-size: 10.0pt; font-family: 'Verdana','sans-serif'; mso-fareast-font-family: 'Times New Roman'; mso-bidi-font-family: Arial; mso-fareast-language: ES-MX;\">Sensor Biometrico<\/span><\/li>\n<li class=\"MsoNormal\" style=\"color: black; mso-margin-top-alt: auto; mso-margin-bottom-alt: auto; text-align: justify; line-height: normal; mso-list: l0 level1 lfo1; tab-stops: list 36.0pt;\"><span style=\"font-size: 10.0pt; font-family: 'Verdana','sans-serif'; mso-fareast-font-family: 'Times New Roman'; mso-bidi-font-family: Arial; mso-fareast-language: ES-MX;\">Sistema operativo Android<\/span><\/li>\n<li class=\"MsoNormal\" style=\"color: black; mso-margin-top-alt: auto; mso-margin-bottom-alt: auto; text-align: justify; line-height: normal; mso-list: l0 level1 lfo1; tab-stops: list 36.0pt;\"><span style=\"font-size: 10.0pt; font-family: 'Verdana','sans-serif'; mso-fareast-font-family: 'Times New Roman'; mso-bidi-font-family: Arial; mso-fareast-language: ES-MX;\">Bateria de 4100 mAh<\/span><\/li>\n<\/ul>\n<p class=\"MsoNormal\" style=\"mso-margin-top-alt: auto; mso-margin-bottom-alt: auto; text-align: justify; line-height: normal;\"><span style=\"font-size: 10.0pt; font-family: 'Verdana','sans-serif'; mso-fareast-font-family: 'Times New Roman'; mso-bidi-font-family: Arial; color: black; mso-fareast-language: ES-MX;\">Que necesito para que mi equipo funcione:<\/span><\/p>\n<ul type=\"disc\">\n<li class=\"MsoNormal\" style=\"color: black; mso-margin-top-alt: auto; mso-margin-bottom-alt: auto; text-align: justify; line-height: normal; mso-list: l1 level1 lfo2; tab-stops: list 36.0pt;\"><span style=\"font-size: 10.0pt; font-family: 'Verdana','sans-serif'; mso-fareast-font-family: 'Times New Roman'; mso-bidi-font-family: Arial; mso-fareast-language: ES-MX;\">Kit de desarrollo SDK para dispositivos ZK con Android (el kit de desarrollo tiene costo, en el paquete ZKT068004 el SDK viene incluido) <\/span><\/li>\n<\/ul>\n<p class=\"MsoNoSpacing\" style=\"line-height: 10.35pt; margin: 0cm 0cm 5.75pt 0cm;\"><b><span style=\"font-size: 10.0pt; font-family: 'Verdana','sans-serif'; mso-bidi-font-family: 'Segoe UI';\">\u00a0<\/span><\/b><\/p>\n<p class=\"MsoNoSpacing\" style=\"line-height: 10.35pt; margin: 0cm 0cm 5.75pt 0cm;\"><b><span style=\"font-size: 10.0pt; font-family: 'Verdana','sans-serif'; mso-bidi-font-family: 'Segoe UI';\">Precios expresados en d\u00f3lares americanos pagaderos al tipo de cambio del d\u00eda de la compra y facturaci\u00f3n.<\/span><\/b><\/p>\n<p class=\"MsoNoSpacing\" style=\"line-height: 10.35pt; box-sizing: border-box; margin: 0cm 0cm 5.75pt 0cm;\"><span style=\"box-sizing: border-box;\"><span style=\"font-size: 10.0pt; font-family: 'Verdana','sans-serif'; mso-bidi-font-family: 'Segoe UI';\">Pago: Anticipado v\u00eda transferencia \u00f3 dep\u00f3sito bancario.<\/span><\/span><\/p>\n<p class=\"MsoNoSpacing\" style=\"line-height: 10.35pt; box-sizing: border-box; margin: 0cm 0cm 5.75pt 0cm;\"><span style=\"box-sizing: border-box;\"><span style=\"font-size: 10.0pt; font-family: 'Verdana','sans-serif'; mso-bidi-font-family: 'Segoe UI';\">Tiempo de entrega: Inmediata o dependiendo existencias.<\/span><\/span><\/p>\n<p class=\"MsoNoSpacing\" style=\"line-height: 10.35pt; box-sizing: border-box; margin: 0cm 0cm 5.75pt 0cm;\"><span style=\"box-sizing: border-box;\"><span style=\"font-size: 10.0pt; font-family: 'Verdana','sans-serif'; mso-bidi-font-family: 'Segoe UI';\">Garant\u00eda de: 1 a\u00f1o por defectos de fabricaci\u00f3n.<\/span><\/span><\/p>\n<p class=\"MsoNoSpacing\" style=\"line-height: 10.35pt; box-sizing: border-box; margin: 0cm 0cm 5.75pt 0cm;\"><span style=\"box-sizing: border-box;\"><span style=\"font-size: 10.0pt; font-family: 'Verdana','sans-serif'; mso-bidi-font-family: 'Segoe UI';\">No incluye instalaci\u00f3n, canalizaci\u00f3n, ni obra civil, en caso de requerir por favor contacte al depto. de ventas.<\/span><\/span><\/p>\n<p class=\"MsoNoSpacing\" style=\"line-height: 10.35pt; box-sizing: border-box; margin: 0cm 0cm 5.75pt 0cm;\"><span style=\"box-sizing: border-box;\"><span style=\"font-size: 10.0pt; font-family: 'Verdana','sans-serif'; mso-bidi-font-family: 'Segoe UI';\">Para consultar existencias, precios sobre la transportaci\u00f3n y\/o\u00a0 los vi\u00e1ticos,\u00a0por favor contacte con nosotros.<\/span><\/span><\/p>\n<p class=\"MsoNoSpacing\" style=\"line-height: 10.35pt; box-sizing: border-box; margin: 0cm 0cm 5.75pt 0cm;\"><span style=\"box-sizing: border-box;\"><span style=\"font-size: 10.0pt; font-family: 'Verdana','sans-serif'; mso-bidi-font-family: 'Segoe UI';\">Precios sujetos a cambio sin previo aviso.<\/span><\/span><\/p>\n<p class=\"MsoNoSpacing\" style=\"line-height: 10.35pt; box-sizing: border-box; margin: 0cm 0cm 5.75pt 0cm;\"><span style=\"font-size: 10.0pt; font-family: 'Verdana','sans-serif'; mso-bidi-font-family: 'Segoe UI';\">Cualquier duda adicional, consulte a su ejecutivo de ventas.\u00a0<\/span><\/p>\n","protected":false},"excerpt":{"rendered":"<p>El P200\u00a0es una terminal de\u00a0colecci\u00f3n\u00a0de datos m\u00f3vil\u00a0con un sistema operativo Android\u00a0totalmente revolucionario. Es la\u00a0perfecta\u00a0combinaci\u00f3n\u00a0de la biometr\u00eda y la plataforma\u00a0Android, esto\u00a0hace que sea\u00a0m\u00e1s vers\u00e1til.\u00a0ZK\u00a0tambi\u00e9n proporciona\u00a0SDK\u00a0mediante el cual\u00a0se puede desarrollar\u00a0lo que quieras y lo que tu imaginaci\u00f3n decida. El\u00a0P200\u00a0es\u00a0no s\u00f3lo\u00a0un producto, sino\u00a0tambi\u00e9n\u00a0una plataforma\u00a0para su\u00a0completo\u00a0desarrollo. Con los m\u00e9todos\u00a0modernos de comunicaci\u00f3n\u00a0como\u00a0TCP\u00a0\u00a0IP,\u00a0USB-host\/OTG, Wi-Fi, GPRS\u00a0y 3G\u00a0(WCDMA), se puede\u00a0realizar una\u00a0comunicaci\u00f3n conveniente en[&#8230;]<\/p>\n","protected":false},"featured_media":4328,"comment_status":"closed","ping_status":"closed","template":"","meta":[],"product_cat":[34],"product_tag":[],"class_list":["post-3457","product","type-product","status-publish","has-post-thumbnail","hentry","product_cat-control-de-asistencia-biometricos","pa_marca-zkteco"],"_links":{"self":[{"href":"https:\/\/globalsystem.com.mx\/catalogo\/wp-json\/wp\/v2\/product\/3457","targetHints":{"allow":["GET"]}}],"collection":[{"href":"https:\/\/globalsystem.com.mx\/catalogo\/wp-json\/wp\/v2\/product"}],"about":[{"href":"https:\/\/globalsystem.com.mx\/catalogo\/wp-json\/wp\/v2\/types\/product"}],"replies":[{"embeddable":true,"href":"https:\/\/globalsystem.com.mx\/catalogo\/wp-json\/wp\/v2\/comments?post=3457"}],"version-history":[{"count":3,"href":"https:\/\/globalsystem.com.mx\/catalogo\/wp-json\/wp\/v2\/product\/3457\/revisions"}],"predecessor-version":[{"id":4330,"href":"https:\/\/globalsystem.com.mx\/catalogo\/wp-json\/wp\/v2\/product\/3457\/revisions\/4330"}],"wp:featuredmedia":[{"embeddable":true,"href":"https:\/\/globalsystem.com.mx\/catalogo\/wp-json\/wp\/v2\/media\/4328"}],"wp:attachment":[{"href":"https:\/\/globalsystem.com.mx\/catalogo\/wp-json\/wp\/v2\/media?parent=3457"}],"wp:term":[{"taxonomy":"product_cat","embeddable":true,"href":"https:\/\/globalsystem.com.mx\/catalogo\/wp-json\/wp\/v2\/product_cat?post=3457"},{"taxonomy":"product_tag","embeddable":true,"href":"https:\/\/globalsystem.com.mx\/catalogo\/wp-json\/wp\/v2\/product_tag?post=3457"}],"curies":[{"name":"wp","href":"https:\/\/api.w.org\/{rel}","templated":true}]}}