{"id":3453,"date":"2022-06-03T22:08:22","date_gmt":"2022-06-03T22:08:22","guid":{"rendered":"https:\/\/webs360apps.com\/ismafinal\/product\/zk-p200id-lector-biometrico-portatil-programable-camara-touchscreen-android-2g-gps-bateria\/"},"modified":"2022-06-13T00:04:35","modified_gmt":"2022-06-13T00:04:35","slug":"zk-p200id-lector-biometrico-portatil-programable-camara-touchscreen-android-2g-gps-bateria","status":"publish","type":"product","link":"https:\/\/globalsystem.com.mx\/catalogo\/zk-p200id-lector-biometrico-portatil-programable-camara-touchscreen-android-2g-gps-bateria","title":{"rendered":"GSASISL ZK P200ID- LECTOR BIOMETRICO PORTATIL PROGRAMABLE\/ CAMARA \/ TOUCHSCREEN\/ ANDROID \/ 2G\/ GPS\/ BATERIA"},"content":{"rendered":"<p class=\"MsoNormal\"><span lang=\"ES\" style=\"font-size: 10.0pt; mso-bidi-font-size: 11.0pt; font-family: 'Verdana','sans-serif'; mso-fareast-font-family: 'Times New Roman'; mso-bidi-font-family: Tahoma; color: black; mso-ansi-language: ES; mso-fareast-language: ES-MX;\">El P200\u00a0es un terminal de\u00a0colecci\u00f3n\u00a0de datos m\u00f3vil\u00a0con un sistema operativo Android\u00a0totalmente revolucionario. Es la\u00a0perfecta\u00a0combinaci\u00f3n\u00a0de la biometr\u00eda\u00a0y la plataforma\u00a0Android, esto\u00a0hace que sea\u00a0m\u00e1s vers\u00e1til.\u00a0ZK\u00a0tambi\u00e9n proporciona\u00a0SDK mediante el cual\u00a0se puede desarrollar\u00a0lo que quieras y lo que tus imaginaci\u00f3n decida. El\u00a0P200\u00a0es\u00a0no s\u00f3lo\u00a0un producto, sino\u00a0tambi\u00e9n\u00a0una plataforma\u00a0para su\u00a0<\/span><span lang=\"ES\" style=\"font-size: 10.0pt; font-family: 'Verdana','sans-serif'; mso-fareast-font-family: 'Times New Roman'; mso-bidi-font-family: Tahoma; color: black; mso-ansi-language: ES; mso-fareast-language: ES-MX;\">completo<\/span><span lang=\"ES\" style=\"font-size: 10.0pt; mso-bidi-font-size: 11.0pt; font-family: 'Verdana','sans-serif'; mso-fareast-font-family: 'Times New Roman'; mso-bidi-font-family: Tahoma; color: black; mso-ansi-language: ES; mso-fareast-language: ES-MX;\">\u00a0desarrollo<\/span><span lang=\"ES\" style=\"font-size: 10.0pt; font-family: 'Verdana','sans-serif'; mso-fareast-font-family: 'Times New Roman'; mso-bidi-font-family: Tahoma; color: black; mso-ansi-language: ES; mso-fareast-language: ES-MX;\">.<br \/>\n<\/span><\/p>\n<p class=\"MsoNormal\"><span lang=\"ES\" style=\"font-size: 10.0pt; font-family: 'Verdana','sans-serif'; mso-fareast-font-family: 'Times New Roman'; mso-bidi-font-family: Tahoma; color: black; mso-ansi-language: ES; mso-fareast-language: ES-MX;\"><span lang=\"ES\" style=\"font-size: 10.0pt; mso-bidi-font-size: 11.0pt; font-family: 'Verdana','sans-serif'; mso-fareast-font-family: 'Times New Roman'; mso-bidi-font-family: Tahoma; color: black; mso-ansi-language: ES; mso-fareast-language: ES-MX;\">Con los m\u00e9todos\u00a0modernos de comunicaci\u00f3n\u00a0como\u00a0TCP<\/span><span lang=\"ES\" style=\"font-size: 10.0pt; font-family: 'Verdana','sans-serif'; mso-fareast-font-family: 'Times New Roman'; mso-bidi-font-family: Tahoma; color: black; mso-ansi-language: ES; mso-fareast-language: ES-MX;\">\u00a0<\/span><span lang=\"ES\" style=\"font-size: 10.0pt; mso-bidi-font-size: 11.0pt; font-family: 'Verdana','sans-serif'; mso-fareast-font-family: 'Times New Roman'; mso-bidi-font-family: Tahoma; color: black; mso-ansi-language: ES; mso-fareast-language: ES-MX;\">\u00a0IP,\u00a0USB-host\/OTG<\/span><span lang=\"ES\" style=\"font-size: 10.0pt; font-family: 'Verdana','sans-serif'; mso-fareast-font-family: 'Times New Roman'; mso-bidi-font-family: Tahoma; color: black; mso-ansi-language: ES; mso-fareast-language: ES-MX;\">, Wi<\/span><span lang=\"ES\" style=\"font-size: 10.0pt; mso-bidi-font-size: 11.0pt; font-family: 'Verdana','sans-serif'; mso-fareast-font-family: 'Times New Roman'; mso-bidi-font-family: Tahoma; color: black; mso-ansi-language: ES; mso-fareast-language: ES-MX;\">&#8211;<\/span><span lang=\"ES\" style=\"font-size: 10.0pt; font-family: 'Verdana','sans-serif'; mso-fareast-font-family: 'Times New Roman'; mso-bidi-font-family: Tahoma; color: black; mso-ansi-language: ES; mso-fareast-language: ES-MX;\">Fi, GPRS<\/span><span lang=\"ES\" style=\"font-size: 10.0pt; mso-bidi-font-size: 11.0pt; font-family: 'Verdana','sans-serif'; mso-fareast-font-family: 'Times New Roman'; mso-bidi-font-family: Tahoma; color: black; mso-ansi-language: ES; mso-fareast-language: ES-MX;\">\u00a0y 3G\u00a0(<\/span><span lang=\"ES\" style=\"font-size: 10.0pt; font-family: 'Verdana','sans-serif'; mso-fareast-font-family: 'Times New Roman'; mso-bidi-font-family: Tahoma; color: black; mso-ansi-language: ES; mso-fareast-language: ES-MX;\">WCDMA), se puede<\/span><span lang=\"ES\" style=\"font-size: 10.0pt; mso-bidi-font-size: 11.0pt; font-family: 'Verdana','sans-serif'; mso-fareast-font-family: 'Times New Roman'; mso-bidi-font-family: Tahoma; color: black; mso-ansi-language: ES; mso-fareast-language: ES-MX;\">\u00a0realizar una\u00a0comunicaci\u00f3n conveniente\u00a0en cualquier momento\u00a0en cualquier lugar<\/span><span lang=\"ES\" style=\"font-size: 10.0pt; font-family: 'Verdana','sans-serif'; mso-fareast-font-family: 'Times New Roman'; mso-bidi-font-family: Tahoma; color: black; mso-ansi-language: ES; mso-fareast-language: ES-MX;\">.<\/span><br \/>\n<\/span><\/p>\n<p class=\"MsoNormal\"><span lang=\"ES\" style=\"font-size: 10.0pt; mso-bidi-font-size: 11.0pt; font-family: 'Verdana','sans-serif'; mso-fareast-font-family: 'Times New Roman'; mso-bidi-font-family: Tahoma; color: black; mso-ansi-language: ES; mso-fareast-language: ES-MX;\">Puede\u00a0ser ampliamente utilizado en\u00a0la\u00a0log\u00edstica<\/span><span lang=\"ES\" style=\"font-size: 10.0pt; font-family: 'Verdana','sans-serif'; mso-fareast-font-family: 'Times New Roman'; mso-bidi-font-family: Tahoma; color: black; mso-ansi-language: ES; mso-fareast-language: ES-MX;\">,<\/span><span lang=\"ES\" style=\"font-size: 10.0pt; mso-bidi-font-size: 11.0pt; font-family: 'Verdana','sans-serif'; mso-fareast-font-family: 'Times New Roman'; mso-bidi-font-family: Tahoma; color: black; mso-ansi-language: ES; mso-fareast-language: ES-MX;\">\u00a0la construcci\u00f3n<\/span><span lang=\"ES\" style=\"font-size: 10.0pt; font-family: 'Verdana','sans-serif'; mso-fareast-font-family: 'Times New Roman'; mso-bidi-font-family: Tahoma; color: black; mso-ansi-language: ES; mso-fareast-language: ES-MX;\">,<\/span><span lang=\"ES\" style=\"font-size: 10.0pt; mso-bidi-font-size: 11.0pt; font-family: 'Verdana','sans-serif'; mso-fareast-font-family: 'Times New Roman'; mso-bidi-font-family: Tahoma; color: black; mso-ansi-language: ES; mso-fareast-language: ES-MX;\">\u00a0y la miner\u00eda<\/span><span lang=\"ES\" style=\"font-size: 10.0pt; font-family: 'Verdana','sans-serif'; mso-fareast-font-family: 'Times New Roman'; mso-bidi-font-family: Tahoma; color: black; mso-ansi-language: ES; mso-fareast-language: ES-MX;\">,<\/span><span lang=\"ES\" style=\"font-size: 10.0pt; mso-bidi-font-size: 11.0pt; font-family: 'Verdana','sans-serif'; mso-fareast-font-family: 'Times New Roman'; mso-bidi-font-family: Tahoma; color: black; mso-ansi-language: ES; mso-fareast-language: ES-MX;\">\u00a0agr\u00edcola,\u00a0escuela,\u00a0f\u00e1brica<\/span><span lang=\"ES\" style=\"font-size: 10.0pt; font-family: 'Verdana','sans-serif'; mso-fareast-font-family: 'Times New Roman'; mso-bidi-font-family: Tahoma; color: black; mso-ansi-language: ES; mso-fareast-language: ES-MX;\">,<\/span><span lang=\"ES\" style=\"font-size: 10.0pt; mso-bidi-font-size: 11.0pt; font-family: 'Verdana','sans-serif'; mso-fareast-font-family: 'Times New Roman'; mso-bidi-font-family: Tahoma; color: black; mso-ansi-language: ES; mso-fareast-language: ES-MX;\">\u00a0etc.<\/span><\/p>\n<p class=\"MsoNormal\" style=\"mso-margin-top-alt: auto; mso-margin-bottom-alt: auto; line-height: normal;\"><span style=\"font-size: 10.0pt; font-family: 'Verdana','sans-serif'; mso-fareast-font-family: 'Times New Roman'; mso-bidi-font-family: Tahoma; color: black; mso-fareast-language: ES-MX;\">Funciones principal:<\/span><\/p>\n<ul type=\"disc\">\n<li class=\"MsoNormal\" style=\"color: black; mso-margin-top-alt: auto; mso-margin-bottom-alt: auto; line-height: normal; mso-list: l2 level1 lfo1; tab-stops: list 36.0pt;\"><span style=\"font-size: 10.0pt; font-family: 'Verdana','sans-serif'; mso-fareast-font-family: 'Times New Roman'; mso-bidi-font-family: Tahoma; mso-fareast-language: ES-MX;\">Sensor Biom\u00e9trico<\/span><\/li>\n<li class=\"MsoNormal\" style=\"color: black; mso-margin-top-alt: auto; mso-margin-bottom-alt: auto; line-height: normal; mso-list: l2 level1 lfo1; tab-stops: list 36.0pt;\"><span style=\"font-size: 10.0pt; font-family: 'Verdana','sans-serif'; mso-fareast-font-family: 'Times New Roman'; mso-bidi-font-family: Tahoma; mso-fareast-language: ES-MX;\">Sistema operativo Android<\/span><\/li>\n<li class=\"MsoNormal\" style=\"color: black; mso-margin-top-alt: auto; mso-margin-bottom-alt: auto; line-height: normal; mso-list: l2 level1 lfo1; tab-stops: list 36.0pt;\"><span style=\"font-size: 10.0pt; font-family: 'Verdana','sans-serif'; mso-fareast-font-family: 'Times New Roman'; mso-bidi-font-family: Tahoma; mso-fareast-language: ES-MX;\">Bater\u00eda de 4100 mAh<\/span><\/li>\n<\/ul>\n<p class=\"MsoNormal\" style=\"mso-margin-top-alt: auto; mso-margin-bottom-alt: auto; line-height: normal;\"><span style=\"font-size: 10.0pt; font-family: 'Verdana','sans-serif'; mso-fareast-font-family: 'Times New Roman'; mso-bidi-font-family: Tahoma; color: black; mso-fareast-language: ES-MX;\">Que necesito para que mi equipo funcione:<\/span><\/p>\n<ul type=\"disc\">\n<li class=\"MsoNormal\" style=\"color: black; mso-margin-top-alt: auto; mso-margin-bottom-alt: auto; line-height: normal; mso-list: l0 level1 lfo2; tab-stops: list 36.0pt;\"><span style=\"font-size: 10.0pt; font-family: 'Verdana','sans-serif'; mso-fareast-font-family: 'Times New Roman'; mso-bidi-font-family: Tahoma; mso-fareast-language: ES-MX;\">Kit de desarrollo SDK para dispositivos ZK con Android (el kit de desarrollo tiene costo, en el paquete ZKT068004 el SDK viene incluido)<\/span><\/li>\n<\/ul>\n<p><span style=\"font-family: Verdana, sans-serif; font-size: 10pt;\">Especificaciones:<\/span><\/p>\n<p><!-- [if !supportLists]--><span style=\"font-size: 7.0pt; font-family: Symbol; mso-fareast-font-family: Symbol; mso-bidi-font-family: Symbol; color: black; mso-fareast-language: ES-MX;\">\u00b7<span style=\"font-stretch: normal; font-size: 7pt; font-family: 'Times New Roman';\">\u00a0\u00a0\u00a0\u00a0\u00a0\u00a0\u00a0\u00a0\u00a0 <\/span><\/span><!--[endif]--><span style=\"font-size: 10.0pt; font-family: 'Verdana','sans-serif'; mso-fareast-font-family: 'Times New Roman'; mso-bidi-font-family: Tahoma; color: black; mso-fareast-language: ES-MX;\">CPU: Procesador de 1Ghz<\/span><\/p>\n<p><!-- [if !supportLists]--><span style=\"font-size: 7.0pt; font-family: Symbol; mso-fareast-font-family: Symbol; mso-bidi-font-family: Symbol; color: black; mso-fareast-language: ES-MX;\">\u00b7<span style=\"font-stretch: normal; font-size: 7pt; font-family: 'Times New Roman';\">\u00a0\u00a0\u00a0\u00a0\u00a0\u00a0\u00a0\u00a0\u00a0 <\/span><\/span><!--[endif]--><span style=\"font-size: 10.0pt; font-family: 'Verdana','sans-serif'; mso-fareast-font-family: 'Times New Roman'; mso-bidi-font-family: Tahoma; color: black; mso-fareast-language: ES-MX;\">Sistema: Android 2.3.7<\/span><\/p>\n<p><!-- [if !supportLists]--><span style=\"font-size: 7.0pt; font-family: Symbol; mso-fareast-font-family: Symbol; mso-bidi-font-family: Symbol; color: black; mso-fareast-language: ES-MX;\">\u00b7<span style=\"font-stretch: normal; font-size: 7pt; font-family: 'Times New Roman';\">\u00a0\u00a0\u00a0\u00a0\u00a0\u00a0\u00a0\u00a0\u00a0 <\/span><\/span><!--[endif]--><span style=\"font-size: 10.0pt; font-family: 'Verdana','sans-serif'; mso-fareast-font-family: 'Times New Roman'; mso-bidi-font-family: Tahoma; color: black; mso-fareast-language: ES-MX;\">RAM: 1Gb<\/span><\/p>\n<p><!-- [if !supportLists]--><span style=\"font-size: 7.0pt; font-family: Symbol; mso-fareast-font-family: Symbol; mso-bidi-font-family: Symbol; color: black; mso-fareast-language: ES-MX;\">\u00b7<span style=\"font-stretch: normal; font-size: 7pt; font-family: 'Times New Roman';\">\u00a0\u00a0\u00a0\u00a0\u00a0\u00a0\u00a0\u00a0\u00a0 <\/span><\/span><!--[endif]--><span style=\"font-size: 10.0pt; font-family: 'Verdana','sans-serif'; mso-fareast-font-family: 'Times New Roman'; mso-bidi-font-family: Tahoma; color: black; mso-fareast-language: ES-MX;\">Memoria interna: 4Gb (Incluyendo la partici\u00f3n del sistema operativo)<\/span><\/p>\n<p><!-- [if !supportLists]--><span lang=\"EN-US\" style=\"font-size: 7.0pt; font-family: Symbol; mso-fareast-font-family: Symbol; mso-bidi-font-family: Symbol; color: black; mso-ansi-language: EN-US; mso-fareast-language: ES-MX;\">\u00b7<span style=\"font-stretch: normal; font-size: 7pt; font-family: 'Times New Roman';\">\u00a0\u00a0\u00a0\u00a0\u00a0\u00a0\u00a0\u00a0\u00a0 <\/span><\/span><!--[endif]--><span lang=\"EN-US\" style=\"font-size: 10.0pt; font-family: 'Verdana','sans-serif'; mso-fareast-font-family: 'Times New Roman'; mso-bidi-font-family: Tahoma; color: black; mso-ansi-language: EN-US; mso-fareast-language: ES-MX;\">Pantalla: 4.3&#8243; TFT Touch Screen<\/span><\/p>\n<p><!-- [if !supportLists]--><span lang=\"EN-US\" style=\"font-size: 7.0pt; font-family: Symbol; mso-fareast-font-family: Symbol; mso-bidi-font-family: Symbol; color: black; mso-ansi-language: EN-US; mso-fareast-language: ES-MX;\">\u00b7<span style=\"font-stretch: normal; font-size: 7pt; font-family: 'Times New Roman';\">\u00a0\u00a0\u00a0\u00a0\u00a0\u00a0\u00a0\u00a0\u00a0 <\/span><\/span><!--[endif]--><span lang=\"EN-US\" style=\"font-size: 10.0pt; font-family: 'Verdana','sans-serif'; mso-fareast-font-family: 'Times New Roman'; mso-bidi-font-family: Tahoma; color: black; mso-ansi-language: EN-US; mso-fareast-language: ES-MX;\">C\u00e1mara: 5Mpx<\/span><\/p>\n<p><!-- [if !supportLists]--><span style=\"font-size: 7.0pt; font-family: Symbol; mso-fareast-font-family: Symbol; mso-bidi-font-family: Symbol; color: black; mso-fareast-language: ES-MX;\">\u00b7<span style=\"font-stretch: normal; font-size: 7pt; font-family: 'Times New Roman';\">\u00a0\u00a0\u00a0\u00a0\u00a0\u00a0\u00a0\u00a0\u00a0 <\/span><\/span><!--[endif]--><span style=\"font-size: 10.0pt; font-family: 'Verdana','sans-serif'; mso-fareast-font-family: 'Times New Roman'; mso-bidi-font-family: Tahoma; color: black; mso-fareast-language: ES-MX;\">M\u00e9todo de verificaci\u00f3n: Huella digital, Password, ID Card (opcional)<\/span><\/p>\n<p><!-- [if !supportLists]--><span style=\"font-size: 7.0pt; font-family: Symbol; mso-fareast-font-family: Symbol; mso-bidi-font-family: Symbol; color: black; mso-fareast-language: ES-MX;\">\u00b7<span style=\"font-stretch: normal; font-size: 7pt; font-family: 'Times New Roman';\">\u00a0\u00a0\u00a0\u00a0\u00a0\u00a0\u00a0\u00a0\u00a0 <\/span><\/span><!--[endif]--><span style=\"font-size: 10.0pt; font-family: 'Verdana','sans-serif'; mso-fareast-font-family: 'Times New Roman'; mso-bidi-font-family: Tahoma; color: black; mso-fareast-language: ES-MX;\">Comunicaci\u00f3n: TCP\/IP, USB Host, WiFi, Opcionales: 3G, GPRS<\/span><\/p>\n<p><!-- [if !supportLists]--><span style=\"font-size: 7.0pt; font-family: Symbol; mso-fareast-font-family: Symbol; mso-bidi-font-family: Symbol; color: black; mso-fareast-language: ES-MX;\">\u00b7<span style=\"font-stretch: normal; font-size: 7pt; font-family: 'Times New Roman';\">\u00a0\u00a0\u00a0\u00a0\u00a0\u00a0\u00a0\u00a0\u00a0 <\/span><\/span><!--[endif]--><span style=\"font-size: 10.0pt; font-family: 'Verdana','sans-serif'; mso-fareast-font-family: 'Times New Roman'; mso-bidi-font-family: Tahoma; color: black; mso-fareast-language: ES-MX;\">Funciones adicionales: GPS, Opcionales: Mifare<\/span><\/p>\n<p><!-- [if !supportLists]--><span style=\"font-size: 7.0pt; font-family: Symbol; mso-fareast-font-family: Symbol; mso-bidi-font-family: Symbol; color: black; mso-fareast-language: ES-MX;\">\u00b7<span style=\"font-stretch: normal; font-size: 7pt; font-family: 'Times New Roman';\">\u00a0\u00a0\u00a0\u00a0\u00a0\u00a0\u00a0\u00a0\u00a0 <\/span><\/span><!--[endif]--><span style=\"font-size: 10.0pt; font-family: 'Verdana','sans-serif'; mso-fareast-font-family: 'Times New Roman'; mso-bidi-font-family: Tahoma; color: black; mso-fareast-language: ES-MX;\">Fuente de alimentaci\u00f3n: Fuente de poder externa de 5.5V a 2 Amper y Bateria recargable de 4100mAh<\/span><\/p>\n<p><!-- [if !supportLists]--><span style=\"font-size: 7.0pt; font-family: Symbol; mso-fareast-font-family: Symbol; mso-bidi-font-family: Symbol; color: black; mso-fareast-language: ES-MX;\">\u00b7<span style=\"font-stretch: normal; font-size: 7pt; font-family: 'Times New Roman';\">\u00a0\u00a0\u00a0\u00a0\u00a0\u00a0\u00a0\u00a0\u00a0 <\/span><\/span><!--[endif]--><span style=\"font-size: 10.0pt; font-family: 'Verdana','sans-serif'; mso-fareast-font-family: 'Times New Roman'; mso-bidi-font-family: Tahoma; color: black; mso-fareast-language: ES-MX;\">Humedad: 20% a 80%<\/span><\/p>\n<p><!-- [if !supportLists]--><span style=\"font-size: 7.0pt; font-family: Symbol; mso-fareast-font-family: Symbol; mso-bidi-font-family: Symbol; color: black; mso-fareast-language: ES-MX;\">\u00b7<span style=\"font-stretch: normal; font-size: 7pt; font-family: 'Times New Roman';\">\u00a0\u00a0\u00a0\u00a0\u00a0\u00a0\u00a0\u00a0\u00a0 <\/span><\/span><!--[endif]--><span style=\"font-size: 10.0pt; font-family: 'Verdana','sans-serif'; mso-fareast-font-family: 'Times New Roman'; mso-bidi-font-family: Tahoma; color: black; mso-fareast-language: ES-MX;\">Medidas: 179.8mm x 84mm x 47mm (LxAxP)<\/span><\/p>\n<p class=\"MsoNormal\" style=\"margin-bottom: 5.75pt; line-height: 10.35pt;\"><b><span style=\"font-size: 10pt; font-family: Verdana, sans-serif;\">Precios expresados en d\u00f3lares americanos pagaderos al tipo de cambio del d\u00eda de la compra y facturaci\u00f3n.<\/span><\/b><\/p>\n<p class=\"MsoNormal\" style=\"margin-bottom: 5.75pt; line-height: 10.35pt;\"><span style=\"font-size: 10pt; font-family: Verdana, sans-serif;\">Pago: Anticipado v\u00eda transferencia \u00f3 dep\u00f3sito bancario.<\/span><\/p>\n<p class=\"MsoNormal\" style=\"margin-bottom: 5.75pt; line-height: 10.35pt;\"><span style=\"font-size: 10pt; font-family: Verdana, sans-serif;\">Tiempo de entrega: Inmediata o dependiendo existencias.<\/span><\/p>\n<p class=\"MsoNormal\" style=\"margin-bottom: 5.75pt; line-height: 10.35pt;\"><span style=\"font-size: 10pt; font-family: Verdana, sans-serif;\">Garant\u00eda de: 1 a\u00f1o por defectos de fabricaci\u00f3n.<\/span><\/p>\n<p class=\"MsoNormal\" style=\"margin-bottom: 5.75pt; line-height: 10.35pt;\"><span style=\"font-size: 10pt; font-family: Verdana, sans-serif;\">No incluye instalaci\u00f3n, canalizaci\u00f3n, ni obra civil, en caso de requerir por favor contacte al depto. de ventas.<\/span><\/p>\n<p class=\"MsoNormal\" style=\"margin-bottom: 5.75pt; line-height: 10.35pt;\"><span style=\"font-size: 10pt; font-family: Verdana, sans-serif;\">Para consultar existencias, precios sobre la transportaci\u00f3n y\/o\u00a0 los vi\u00e1ticos,\u00a0por favor contacte con nosotros.<\/span><\/p>\n<p class=\"MsoNormal\" style=\"margin-bottom: 5.75pt; line-height: 10.35pt;\"><span style=\"font-size: 10pt; font-family: Verdana, sans-serif;\">Precios sujetos a cambio sin previo aviso.<\/span><\/p>\n<p class=\"MsoNormal\"><span style=\"font-size: 10pt; font-family: Verdana, sans-serif;\">Cualquier duda adicional, consulte a su ejecutivo de ventas.<\/span><\/p>\n<p class=\"MsoNormal\">\n","protected":false},"excerpt":{"rendered":"<p>El P200\u00a0es un terminal de\u00a0colecci\u00f3n\u00a0de datos m\u00f3vil\u00a0con un sistema operativo Android\u00a0totalmente revolucionario. Es la\u00a0perfecta\u00a0combinaci\u00f3n\u00a0de la biometr\u00eda\u00a0y la plataforma\u00a0Android, esto\u00a0hace que sea\u00a0m\u00e1s vers\u00e1til.\u00a0ZK\u00a0tambi\u00e9n proporciona\u00a0SDK mediante el cual\u00a0se puede desarrollar\u00a0lo que quieras y lo que tus imaginaci\u00f3n decida. El\u00a0P200\u00a0es\u00a0no s\u00f3lo\u00a0un producto, sino\u00a0tambi\u00e9n\u00a0una plataforma\u00a0para su\u00a0completo\u00a0desarrollo. Con los m\u00e9todos\u00a0modernos de comunicaci\u00f3n\u00a0como\u00a0TCP\u00a0\u00a0IP,\u00a0USB-host\/OTG, Wi&#8211;Fi, GPRS\u00a0y 3G\u00a0(WCDMA), se puede\u00a0realizar una\u00a0comunicaci\u00f3n conveniente\u00a0en cualquier[&#8230;]<\/p>\n","protected":false},"featured_media":4325,"comment_status":"closed","ping_status":"closed","template":"","meta":[],"product_cat":[34],"product_tag":[],"class_list":["post-3453","product","type-product","status-publish","has-post-thumbnail","hentry","product_cat-control-de-asistencia-biometricos","pa_marca-zkteco"],"_links":{"self":[{"href":"https:\/\/globalsystem.com.mx\/catalogo\/wp-json\/wp\/v2\/product\/3453","targetHints":{"allow":["GET"]}}],"collection":[{"href":"https:\/\/globalsystem.com.mx\/catalogo\/wp-json\/wp\/v2\/product"}],"about":[{"href":"https:\/\/globalsystem.com.mx\/catalogo\/wp-json\/wp\/v2\/types\/product"}],"replies":[{"embeddable":true,"href":"https:\/\/globalsystem.com.mx\/catalogo\/wp-json\/wp\/v2\/comments?post=3453"}],"version-history":[{"count":3,"href":"https:\/\/globalsystem.com.mx\/catalogo\/wp-json\/wp\/v2\/product\/3453\/revisions"}],"predecessor-version":[{"id":4327,"href":"https:\/\/globalsystem.com.mx\/catalogo\/wp-json\/wp\/v2\/product\/3453\/revisions\/4327"}],"wp:featuredmedia":[{"embeddable":true,"href":"https:\/\/globalsystem.com.mx\/catalogo\/wp-json\/wp\/v2\/media\/4325"}],"wp:attachment":[{"href":"https:\/\/globalsystem.com.mx\/catalogo\/wp-json\/wp\/v2\/media?parent=3453"}],"wp:term":[{"taxonomy":"product_cat","embeddable":true,"href":"https:\/\/globalsystem.com.mx\/catalogo\/wp-json\/wp\/v2\/product_cat?post=3453"},{"taxonomy":"product_tag","embeddable":true,"href":"https:\/\/globalsystem.com.mx\/catalogo\/wp-json\/wp\/v2\/product_tag?post=3453"}],"curies":[{"name":"wp","href":"https:\/\/api.w.org\/{rel}","templated":true}]}}