{"id":3363,"date":"2022-06-03T22:08:18","date_gmt":"2022-06-03T22:08:18","guid":{"rendered":"https:\/\/webs360apps.com\/ismafinal\/product\/03-dahua-dvr5104he-dvr-4-canales-de-video-38-audio-h264-full-d1-p2p-nube-hdmi-38-vga-38-bnc-e-38-s-alarma-dahua-ddns-canal-0-2\/"},"modified":"2022-06-16T02:08:01","modified_gmt":"2022-06-16T02:08:01","slug":"03-dahua-dvr5104he-dvr-4-canales-de-video-38-audio-h264-full-d1-p2p-nube-hdmi-38-vga-38-bnc-e-38-s-alarma-dahua-ddns-canal-0-2","status":"publish","type":"product","link":"https:\/\/globalsystem.com.mx\/catalogo\/03-dahua-dvr5104he-dvr-4-canales-de-video-38-audio-h264-full-d1-p2p-nube-hdmi-38-vga-38-bnc-e-38-s-alarma-dahua-ddns-canal-0-2","title":{"rendered":"DAHUA DVR5104HE- DVR 4 CANALES DE VIDEO&#038;AUDIO\/ H264\/ FULL D1\/P2P NUBE\/ HDMI&#038;VGA&#038;BNC\/ E&#038;S ALARMA\/ DAHUA DDNS\/ CANAL 0\/ 2"},"content":{"rendered":"<p class=\"MsoNormal\" style=\"mso-margin-top-alt: auto; mso-margin-bottom-alt: auto; text-align: justify; line-height: 11.85pt; tab-stops: 92.75pt;\"><span style=\"font-size: 10pt; font-family: Verdana, sans-serif; color: black; background-image: initial; background-attachment: initial; background-size: initial; background-origin: initial; background-clip: initial; background-position: initial; background-repeat: initial;\">El<strong>DVR5104HE<\/strong>cuenta con grabaci\u00f3n<strong>FULL D1<\/strong><strong>(720&#215;480 a 30 FPS)<\/strong>en sus\u00a04 canales de video, lo que significa m\u00e1xima calidad de grabaci\u00f3n en tiempo real, los DVR\u00b4s Convencionales soportan resoluci\u00f3n \u00a0CIF (352&#215;288 a 30 FPS) en tiempo real pero con la desventaja de tener menor resoluci\u00f3n y peor calidad de imagen, existen algunos sistemas que logran grabar en D1 pero solo soportan 7 FPS por lo cual no se considera tiempo real, Los equipos que soportan resoluci\u00f3n FULL D1 Suelen ser de costos muy elevados sin embargo esta nueva generaci\u00f3n de DVR\u00b4s son de Alta Calidad con un costo Efectivo.<\/span><\/p>\n<p style=\"text-align: justify; background-image: initial; background-attachment: initial; background-size: initial; background-origin: initial; background-clip: initial; background-position: initial; background-repeat: initial;\"><strong><span style=\"font-size: 10.0pt; font-family: 'Verdana',sans-serif; mso-bidi-font-family: Arial; color: black;\">Funci\u00f3n Canal 0<\/span><\/strong><\/p>\n<p>&nbsp;<\/p>\n<p style=\"text-align: justify; background-image: initial; background-attachment: initial; background-size: initial; background-origin: initial; background-clip: initial; background-position: initial; background-repeat: initial;\"><span style=\"font-size: 10.0pt; font-family: 'Verdana',sans-serif; mso-bidi-font-family: Arial; color: black;\">La funci\u00f3n canal 0 nos permite utilizar un solo canal para transmitir nuestros canales de video en vez de transmitirlos de uno en uno lo cual nos ayuda a reducir el ancho de banda que necesitara nuestro DVR cuando se visualice a trav\u00e9s del web service.<br \/>\nEjemplo.-<br \/>\nsi tenemos un DVR de 4 canales y cada canal nos consume 512Kbs esto quiere decir que necesitaremos un enlace de 2MB como m\u00ednimo para sacar nuestro DVR en tiempo real, pero con la Funci\u00f3n de canal 0 podemos sacar estos 4 canales pero solo consumiendo 512Kbs por los 4 canales por lo que reducir\u00edamos el ancho de banda necesario 4 Veces<\/span><\/p>\n<p class=\"MsoNormal\" style=\"text-align: justify; line-height: normal; background-image: initial; background-attachment: initial; background-size: initial; background-origin: initial; background-clip: initial; background-position: initial; background-repeat: initial;\"><strong><span style=\"font-size: 10.0pt; font-family: 'Verdana',sans-serif; mso-fareast-font-family: 'Times New Roman'; mso-bidi-font-family: Arial; color: black; mso-fareast-language: ES-MX;\">Principales Caracter\u00edsticas:<\/span><\/strong><\/p>\n<ul type=\"disc\">\n<li class=\"MsoNormal\" style=\"color: black; text-align: justify; line-height: normal; background-image: initial; background-attachment: initial; background-size: initial; background-origin: initial; background-clip: initial; background-position: initial; background-repeat: initial;\"><span style=\"font-size: 10.0pt; font-family: 'Verdana',sans-serif; mso-fareast-font-family: 'Times New Roman'; mso-bidi-font-family: Arial; mso-fareast-language: ES-MX;\">\u00a04 canales de Video\u00a0<strong>Full D1<\/strong>.<\/span><\/li>\n<li class=\"MsoNormal\" style=\"color: black; text-align: justify; line-height: normal; background-image: initial; background-attachment: initial; background-size: initial; background-origin: initial; background-clip: initial; background-position: initial; background-repeat: initial;\"><span style=\"font-size: 10.0pt; font-family: 'Verdana',sans-serif; mso-fareast-font-family: 'Times New Roman'; mso-bidi-font-family: Arial; mso-fareast-language: ES-MX;\">Doble Stream de video\u00a0<strong>H.264<\/strong>.<\/span><\/li>\n<li class=\"MsoNormal\" style=\"color: black; text-align: justify; line-height: normal; background-image: initial; background-attachment: initial; background-size: initial; background-origin: initial; background-clip: initial; background-position: initial; background-repeat: initial;\"><span style=\"font-size: 10.0pt; font-family: 'Verdana',sans-serif; mso-fareast-font-family: 'Times New Roman'; mso-bidi-font-family: Arial; mso-fareast-language: ES-MX;\">Salida de video\u00a0<strong>HDMI<\/strong>\u00a0\/ VGA \/ TV simultaneas.<\/span><\/li>\n<li class=\"MsoNormal\" style=\"color: black; text-align: justify; line-height: normal; background-image: initial; background-attachment: initial; background-size: initial; background-origin: initial; background-clip: initial; background-position: initial; background-repeat: initial;\"><span style=\"font-size: 10.0pt; font-family: 'Verdana',sans-serif; mso-fareast-font-family: 'Times New Roman'; mso-bidi-font-family: Arial; mso-fareast-language: ES-MX;\">Reproducci\u00f3n de 4 canales\u00a0 en tiempo real, barra de b\u00fasqueda GRID y\u00a0<strong>B\u00fasqueda Inteligente<\/strong>.<\/span><\/li>\n<li class=\"MsoNormal\" style=\"color: black; text-align: justify; line-height: normal; background-image: initial; background-attachment: initial; background-size: initial; background-origin: initial; background-clip: initial; background-position: initial; background-repeat: initial;\"><strong><span style=\"font-size: 10.0pt; font-family: 'Verdana',sans-serif; mso-fareast-font-family: 'Times New Roman'; mso-bidi-font-family: Arial; mso-fareast-language: ES-MX;\">4 entradas<\/span><\/strong><span style=\"font-size: 10.0pt; font-family: 'Verdana',sans-serif; mso-fareast-font-family: 'Times New Roman'; mso-bidi-font-family: Arial; mso-fareast-language: ES-MX;\">\u00a0de Audio.<\/span><\/li>\n<li class=\"MsoNormal\" style=\"color: black; text-align: justify; line-height: normal; background-image: initial; background-attachment: initial; background-size: initial; background-origin: initial; background-clip: initial; background-position: initial; background-repeat: initial;\"><strong><span style=\"font-size: 10.0pt; font-family: 'Verdana',sans-serif; mso-fareast-font-family: 'Times New Roman'; mso-bidi-font-family: Arial; mso-fareast-language: ES-MX;\">Audio Bidireccional.<\/span><\/strong><\/li>\n<li class=\"MsoNormal\" style=\"color: black; text-align: justify; line-height: normal; background-image: initial; background-attachment: initial; background-size: initial; background-origin: initial; background-clip: initial; background-position: initial; background-repeat: initial;\"><strong><span style=\"font-size: 10.0pt; font-family: 'Verdana',sans-serif; mso-fareast-font-family: 'Times New Roman'; mso-bidi-font-family: Arial; mso-fareast-language: ES-MX;\">4 Entradas de Alarma y 3 salidas de Alarma.<\/span><\/strong><\/li>\n<li class=\"MsoNormal\" style=\"color: black; text-align: justify; line-height: normal; background-image: initial; background-attachment: initial; background-size: initial; background-origin: initial; background-clip: initial; background-position: initial; background-repeat: initial;\"><strong><span style=\"font-size: 10.0pt; font-family: 'Verdana',sans-serif; mso-fareast-font-family: 'Times New Roman'; mso-bidi-font-family: Arial; mso-fareast-language: ES-MX;\">RS485<\/span><\/strong><span style=\"font-size: 10.0pt; font-family: 'Verdana',sans-serif; mso-fareast-font-family: 'Times New Roman'; mso-bidi-font-family: Arial; mso-fareast-language: ES-MX;\">.<\/span><\/li>\n<li class=\"MsoNormal\" style=\"color: black; text-align: justify; line-height: normal; background-image: initial; background-attachment: initial; background-size: initial; background-origin: initial; background-clip: initial; background-position: initial; background-repeat: initial;\"><span style=\"font-size: 10.0pt; font-family: 'Verdana',sans-serif; mso-fareast-font-family: 'Times New Roman'; mso-bidi-font-family: Arial; mso-fareast-language: ES-MX;\">Posicionamiento\u00a0 3D con DAHUA PTZ.<\/span><\/li>\n<li class=\"MsoNormal\" style=\"color: black; text-align: justify; line-height: normal; background-image: initial; background-attachment: initial; background-size: initial; background-origin: initial; background-clip: initial; background-position: initial; background-repeat: initial;\"><span style=\"font-size: 10.0pt; font-family: 'Verdana',sans-serif; mso-fareast-font-family: 'Times New Roman'; mso-bidi-font-family: Arial; mso-fareast-language: ES-MX;\">Soporta 1 Disco Duro de hasta 4TB (no incluido), 2 USB 2.0.<\/span><\/li>\n<li class=\"MsoNormal\" style=\"color: black; text-align: justify; line-height: normal; background-image: initial; background-attachment: initial; background-size: initial; background-origin: initial; background-clip: initial; background-position: initial; background-repeat: initial;\">Visualizaci\u00f3n Web, CMS(DSS\/PSS) &amp; DMSS.<\/li>\n<\/ul>\n<p class=\"MsoNoSpacing\"><strong><span style=\"font-size: 10pt; font-family: Verdana, sans-serif;\">Precios expresados en d\u00f3lares americanos pagaderos al tipo de cambio del d\u00eda de la compra y facturaci\u00f3n.<\/span><\/strong><\/p>\n<p class=\"MsoNoSpacing\">Pago: Anticipado v\u00eda transferencia \u00f3 dep\u00f3sito bancario.<\/p>\n<p class=\"MsoNoSpacing\"><span style=\"font-size: 10pt; font-family: Verdana, sans-serif;\">Tiempo de entrega: Inmediata o dependiendo existencias.<\/span><\/p>\n<p class=\"MsoNoSpacing\"><span style=\"font-size: 10pt; font-family: Verdana, sans-serif;\">Garant\u00eda de: 1 a\u00f1o por defectos de fabricaci\u00f3n.<\/span><\/p>\n<p class=\"MsoNoSpacing\"><span style=\"font-size: 10pt; font-family: Verdana, sans-serif;\">No incluye instalaci\u00f3n, canalizaci\u00f3n, ni obra civil, en caso de requerir por favor contacte al depto. de ventas.<\/span><\/p>\n<p class=\"MsoNoSpacing\"><span style=\"font-size: 10pt; font-family: Verdana, sans-serif; background-image: initial; background-attachment: initial; background-size: initial; background-origin: initial; background-clip: initial; background-position: initial; background-repeat: initial;\">Para consultar existencias, precios sobre la transportaci\u00f3n y\/o\u00a0 los vi\u00e1ticos,\u00a0por favor contacte con nosotros.<\/span><span style=\"font-size: 10pt; font-family: Verdana, sans-serif;\"> Precios sujetos a cambio sin previo aviso.<\/span><\/p>\n<p>&nbsp;<\/p>\n<p class=\"MsoNoSpacing\"><span style=\"font-size: 10pt; font-family: Verdana, sans-serif;\">Cualquier duda adicional, consulte a su ejecutivo de ventas.<\/span><\/p>\n<p class=\"MsoNoSpacing\">\n","protected":false},"excerpt":{"rendered":"<p>ElDVR5104HEcuenta con grabaci\u00f3nFULL D1(720&#215;480 a 30 FPS)en sus\u00a04 canales de video, lo que significa m\u00e1xima calidad de grabaci\u00f3n en tiempo real, los DVR\u00b4s Convencionales soportan resoluci\u00f3n \u00a0CIF (352&#215;288 a 30 FPS) en tiempo real pero con la desventaja de tener menor resoluci\u00f3n y peor calidad de imagen, existen algunos sistemas que logran grabar en D1[&#8230;]<\/p>\n","protected":false},"featured_media":3952,"comment_status":"closed","ping_status":"closed","template":"","meta":[],"product_cat":[25],"product_tag":[70],"class_list":["post-3363","product","type-product","status-publish","has-post-thumbnail","hentry","product_cat-video-grabadores","product_tag-dahua-dvr5104he","pa_marca-dahua"],"_links":{"self":[{"href":"https:\/\/globalsystem.com.mx\/catalogo\/wp-json\/wp\/v2\/product\/3363","targetHints":{"allow":["GET"]}}],"collection":[{"href":"https:\/\/globalsystem.com.mx\/catalogo\/wp-json\/wp\/v2\/product"}],"about":[{"href":"https:\/\/globalsystem.com.mx\/catalogo\/wp-json\/wp\/v2\/types\/product"}],"replies":[{"embeddable":true,"href":"https:\/\/globalsystem.com.mx\/catalogo\/wp-json\/wp\/v2\/comments?post=3363"}],"version-history":[{"count":4,"href":"https:\/\/globalsystem.com.mx\/catalogo\/wp-json\/wp\/v2\/product\/3363\/revisions"}],"predecessor-version":[{"id":4708,"href":"https:\/\/globalsystem.com.mx\/catalogo\/wp-json\/wp\/v2\/product\/3363\/revisions\/4708"}],"wp:featuredmedia":[{"embeddable":true,"href":"https:\/\/globalsystem.com.mx\/catalogo\/wp-json\/wp\/v2\/media\/3952"}],"wp:attachment":[{"href":"https:\/\/globalsystem.com.mx\/catalogo\/wp-json\/wp\/v2\/media?parent=3363"}],"wp:term":[{"taxonomy":"product_cat","embeddable":true,"href":"https:\/\/globalsystem.com.mx\/catalogo\/wp-json\/wp\/v2\/product_cat?post=3363"},{"taxonomy":"product_tag","embeddable":true,"href":"https:\/\/globalsystem.com.mx\/catalogo\/wp-json\/wp\/v2\/product_tag?post=3363"}],"curies":[{"name":"wp","href":"https:\/\/api.w.org\/{rel}","templated":true}]}}