{"id":3341,"date":"2022-06-03T22:08:18","date_gmt":"2022-06-03T22:08:18","guid":{"rendered":"https:\/\/webs360apps.com\/ismafinal\/product\/wejoin-secuarm390-brazo-articulado-de-3-metros-a-90-grados-para-barrera-de-3-segundos-articulada\/"},"modified":"2022-06-08T00:55:35","modified_gmt":"2022-06-08T00:55:35","slug":"wejoin-secuarm390-brazo-articulado-de-3-metros-a-90-grados-para-barrera-de-3-segundos-articulada","status":"publish","type":"product","link":"https:\/\/globalsystem.com.mx\/catalogo\/wejoin-secuarm390-brazo-articulado-de-3-metros-a-90-grados-para-barrera-de-3-segundos-articulada","title":{"rendered":"WEJOIN SECUARM390- PLUMA O BRAZO ARTICULADO DE 3 METROS A 90 GRADOS PARA BARRERA DE 3 SEGUNDOS ARTICULADA"},"content":{"rendered":"<p class=\"MsoNormal\"><span style=\"font-size: 10.0pt; line-height: 107%; font-family: 'Verdana',sans-serif;\">BRAZO ARTICULADO DE 3 METROS A 90 GRADOS PARA BARRERA DE 3 SEGUNDOS ARTICULADA<\/span><\/p>\n<p style=\"background-image: initial; background-attachment: initial; background-size: initial; background-origin: initial; background-clip: initial; background-position: initial; background-repeat: initial;\"><span style=\"font-family: 'times new roman', times;\"><span style=\"font-size: 10.0pt; font-family: 'Verdana',sans-serif; mso-bidi-font-family: Arial; color: black;\">Brazo articulado a 90 grados de 3 metros de longitud, compatible con barrera<span class=\"apple-converted-space\">\u00a0SECUPARK33<\/span><\/span><span style=\"font-size: 10.0pt; font-family: 'Verdana',sans-serif; mso-bidi-font-family: Arial; color: black;\">LEFTizquierda de 3 metros. Solo compatible con esta barrera<\/span><\/span><\/p>\n<p class=\"MsoNormal\">\n<p class=\"MsoNormal\">\n<p class=\"MsoNoSpacing\" style=\"box-sizing: border-box; margin: 0px 0px 10px; font-family: 'Segoe UI', Tahoma, Arial, Helvetica, sans-serif; font-size: 13px; line-height: 18px;\"><span style=\"box-sizing: border-box; font-size: 10pt; font-family: Verdana, sans-serif;\"><span style=\"box-sizing: border-box; font-weight: bold;\">Pago: Anticipado v\u00eda transferencia \u00f3 dep\u00f3sito bancario.<br \/>\nTiempo de entrega: Inmediata o dependiendo existencias.<br \/>\nGarant\u00eda de: 1 a\u00f1o por defectos de fabricaci\u00f3n.<br \/>\nNo incluye instalaci\u00f3n, canalizaci\u00f3n, ni obra civil, en caso de requerir por favor contacte al depto. de ventas.<br \/>\nContamos con talleres propios, para el mantenimiento y\/o reparaci\u00f3n de los equipos, refacciones y consumibles.<br \/>\nTambi\u00e9n contamos con servicio de mantenimiento preventivo o correctivo, reparaci\u00f3n, capacitaci\u00f3n para la administraci\u00f3n del software de control de asistencia, acceso o videovigilancia, a domicilio.<br \/>\nCualquier duda adicional por favor, consulte a su ejecutivo de ventas.<\/span><\/span><\/p>\n","protected":false},"excerpt":{"rendered":"<p>BRAZO ARTICULADO DE 3 METROS A 90 GRADOS PARA BARRERA DE 3 SEGUNDOS ARTICULADA Brazo articulado a 90 grados de 3 metros de longitud, compatible con barrera\u00a0SECUPARK33LEFTizquierda de 3 metros. Solo compatible con esta barrera Pago: Anticipado v\u00eda transferencia \u00f3 dep\u00f3sito bancario. Tiempo de entrega: Inmediata o dependiendo existencias. Garant\u00eda de: 1 a\u00f1o por defectos[&#8230;]<\/p>\n","protected":false},"featured_media":4117,"comment_status":"closed","ping_status":"closed","template":"","meta":[],"product_cat":[35],"product_tag":[],"class_list":["post-3341","product","type-product","status-publish","has-post-thumbnail","hentry","product_cat-control-de-acceso-vehicular","pa_marca-wejoin"],"_links":{"self":[{"href":"https:\/\/globalsystem.com.mx\/catalogo\/wp-json\/wp\/v2\/product\/3341","targetHints":{"allow":["GET"]}}],"collection":[{"href":"https:\/\/globalsystem.com.mx\/catalogo\/wp-json\/wp\/v2\/product"}],"about":[{"href":"https:\/\/globalsystem.com.mx\/catalogo\/wp-json\/wp\/v2\/types\/product"}],"replies":[{"embeddable":true,"href":"https:\/\/globalsystem.com.mx\/catalogo\/wp-json\/wp\/v2\/comments?post=3341"}],"version-history":[{"count":3,"href":"https:\/\/globalsystem.com.mx\/catalogo\/wp-json\/wp\/v2\/product\/3341\/revisions"}],"predecessor-version":[{"id":4119,"href":"https:\/\/globalsystem.com.mx\/catalogo\/wp-json\/wp\/v2\/product\/3341\/revisions\/4119"}],"wp:featuredmedia":[{"embeddable":true,"href":"https:\/\/globalsystem.com.mx\/catalogo\/wp-json\/wp\/v2\/media\/4117"}],"wp:attachment":[{"href":"https:\/\/globalsystem.com.mx\/catalogo\/wp-json\/wp\/v2\/media?parent=3341"}],"wp:term":[{"taxonomy":"product_cat","embeddable":true,"href":"https:\/\/globalsystem.com.mx\/catalogo\/wp-json\/wp\/v2\/product_cat?post=3341"},{"taxonomy":"product_tag","embeddable":true,"href":"https:\/\/globalsystem.com.mx\/catalogo\/wp-json\/wp\/v2\/product_tag?post=3341"}],"curies":[{"name":"wp","href":"https:\/\/api.w.org\/{rel}","templated":true}]}}