{"id":3305,"date":"2022-06-03T22:08:16","date_gmt":"2022-06-03T22:08:16","guid":{"rendered":"https:\/\/webs360apps.com\/ismafinal\/product\/reloj-checador-electonico-targetmax-modelo-nt-3\/"},"modified":"2022-06-15T02:34:52","modified_gmt":"2022-06-15T02:34:52","slug":"reloj-checador-electonico-targetmax-modelo-nt-3","status":"publish","type":"product","link":"https:\/\/globalsystem.com.mx\/catalogo\/reloj-checador-electonico-targetmax-modelo-nt-3","title":{"rendered":"RELOJ CHECADOR ELECT\u00d3NICO TARGETMAX MODELO NT-3"},"content":{"rendered":"<p>&nbsp;<\/p>\n<p><strong><span style=\"font-size: 10pt; color: #000099;\">RELOJ REGISTRADOR DE ASISTENCIA MODELO NT3<\/span><\/strong><\/p>\n<p>Hasta 200 empleados<\/p>\n<p>&nbsp;<\/p>\n<p><strong><span style=\"font-size: 10pt; color: #000099;\">Caracter\u00edsticas:<\/span><\/strong><\/p>\n<ul>\n<li><span style=\"font-size: 10pt;\">Electr\u00f3nico<\/span><\/li>\n<li><span style=\"font-size: 10pt;\">Car\u00e1tula de manecillas y digital<\/span><\/li>\n<li><span style=\"font-size: 10pt;\">Impresi\u00f3n autom\u00e1tica<\/span><\/li>\n<li><span style=\"font-size: 10pt;\">Imprime d\u00eda, hora y minutos<\/span><\/li>\n<li><span style=\"font-size: 10pt;\">Reserva de energ\u00eda<\/span><\/li>\n<li><span style=\"font-size: 10pt;\">Memoria de programaci\u00f3n hasta cinco a\u00f1os<\/span><\/li>\n<li><span style=\"font-size: 10pt;\">Impresi\u00f3n en dos colores para registrar retardos<\/span><\/li>\n<li><span style=\"font-size: 10pt;\">Cinta de cartucho en banda sin fin<\/span><\/li>\n<li><span style=\"font-size: 10pt;\">Para n\u00f3mina semanal o quincenal<\/span><\/li>\n<li><span style=\"font-size: 10pt;\">Buz\u00f3n manual o autom\u00e1tico<\/span><\/li>\n<li><span style=\"font-size: 10pt;\">Calendario perpetuo<\/span><\/li>\n<li><span style=\"font-size: 10pt;\">Horario de verano programable<\/span><\/li>\n<li><span style=\"font-size: 10pt;\">Un a\u00f1o de garant\u00eda<\/span><\/li>\n<li><span style=\"font-size: 10pt;\">Hasta 200 empleados<\/span><\/li>\n<\/ul>\n<p>&nbsp;<\/p>\n<p>&nbsp;<\/p>\n<div class=\"caption\"><span style=\"font-size: 10pt; font-family: Arial, sans-serif;\">Pago: Anticipado v\u00eda transferencia \u00f3 dep\u00f3sito bancario.<\/span><\/div>\n<div class=\"caption\"><span style=\"font-size: 10pt; font-family: Arial, sans-serif;\">Tiempo de entrega: Inmediata o dependiendo existencias.<\/span><\/div>\n<div class=\"caption\"><span style=\"font-size: 10pt; font-family: Arial, sans-serif;\">Garant\u00eda de: 1 a\u00f1o por defectos de fabricaci\u00f3n.<\/span><\/div>\n<div class=\"caption\"><span style=\"font-size: 10pt; font-family: Arial, sans-serif;\">No incluye instalaci\u00f3n, canalizaci\u00f3n, ni obra civil, en caso de requerir por favor contacte al depto. de ventas.<\/span><\/div>\n<div class=\"caption\"><span style=\"font-size: 10pt; font-family: Arial, sans-serif;\">Para consultar existencias, precios sobre la transportaci\u00f3n y\/o\u00a0 los vi\u00e1ticos,\u00a0por favor contacte con nosotros.\u00a0<\/span><\/div>\n<div class=\"caption\"><span style=\"font-size: 10pt; font-family: Arial, sans-serif;\">Precios sujetos a cambio sin previo aviso.<\/span><\/div>\n<div class=\"caption\"><span style=\"font-size: 10pt; font-family: Arial, sans-serif;\">Contamos con talleres propios, para\u00a0el mantenimiento y\/o\u00a0reparaci\u00f3n de los equipos, refacciones y consumibles. <\/span><\/div>\n<div class=\"caption\"><span style=\"font-size: 10pt; font-family: arial, helvetica, sans-serif;\">Tambi\u00e9n contamos con servicio de mantenimiento preventivo, correctivo, reparaci\u00f3n, capacitaci\u00f3n para la administraci\u00f3n del software de control de asistencia, acceso o videovigilancia, a domicilio.<\/span><\/div>\n<div class=\"caption\"><span style=\"font-size: 10pt; font-family: Arial, sans-serif;\">Cualquier duda adicional, consulte a su ejecutivo de ventas.<\/span><\/div>\n","protected":false},"excerpt":{"rendered":"<p>&nbsp; RELOJ REGISTRADOR DE ASISTENCIA MODELO NT3 Hasta 200 empleados &nbsp; Caracter\u00edsticas: Electr\u00f3nico Car\u00e1tula de manecillas y digital Impresi\u00f3n autom\u00e1tica Imprime d\u00eda, hora y minutos Reserva de energ\u00eda Memoria de programaci\u00f3n hasta cinco a\u00f1os Impresi\u00f3n en dos colores para registrar retardos Cinta de cartucho en banda sin fin Para n\u00f3mina semanal o quincenal Buz\u00f3n manual[&#8230;]<\/p>\n","protected":false},"featured_media":4527,"comment_status":"closed","ping_status":"closed","template":"","meta":[],"product_cat":[30,118],"product_tag":[],"class_list":["post-3305","product","type-product","status-publish","has-post-thumbnail","hentry","product_cat-relojes-checadores","product_cat-relojes-checadores-targetmax-y-kings-power","pa_marca-targetmax"],"_links":{"self":[{"href":"https:\/\/globalsystem.com.mx\/catalogo\/wp-json\/wp\/v2\/product\/3305","targetHints":{"allow":["GET"]}}],"collection":[{"href":"https:\/\/globalsystem.com.mx\/catalogo\/wp-json\/wp\/v2\/product"}],"about":[{"href":"https:\/\/globalsystem.com.mx\/catalogo\/wp-json\/wp\/v2\/types\/product"}],"replies":[{"embeddable":true,"href":"https:\/\/globalsystem.com.mx\/catalogo\/wp-json\/wp\/v2\/comments?post=3305"}],"version-history":[{"count":3,"href":"https:\/\/globalsystem.com.mx\/catalogo\/wp-json\/wp\/v2\/product\/3305\/revisions"}],"predecessor-version":[{"id":4529,"href":"https:\/\/globalsystem.com.mx\/catalogo\/wp-json\/wp\/v2\/product\/3305\/revisions\/4529"}],"wp:featuredmedia":[{"embeddable":true,"href":"https:\/\/globalsystem.com.mx\/catalogo\/wp-json\/wp\/v2\/media\/4527"}],"wp:attachment":[{"href":"https:\/\/globalsystem.com.mx\/catalogo\/wp-json\/wp\/v2\/media?parent=3305"}],"wp:term":[{"taxonomy":"product_cat","embeddable":true,"href":"https:\/\/globalsystem.com.mx\/catalogo\/wp-json\/wp\/v2\/product_cat?post=3305"},{"taxonomy":"product_tag","embeddable":true,"href":"https:\/\/globalsystem.com.mx\/catalogo\/wp-json\/wp\/v2\/product_tag?post=3305"}],"curies":[{"name":"wp","href":"https:\/\/api.w.org\/{rel}","templated":true}]}}